{"id":37579,"date":"2024-04-14T14:34:28","date_gmt":"2024-04-14T14:34:28","guid":{"rendered":"https:\/\/cheveuxluxe.com\/?post_type=product&#038;p=37579"},"modified":"2024-04-14T14:34:44","modified_gmt":"2024-04-14T14:34:44","slug":"schwarzkopf-igora-nude-coloration-permanente-60ml-2","status":"publish","type":"product","link":"https:\/\/cheveuxluxe.com\/index.php\/product\/schwarzkopf-igora-nude-coloration-permanente-60ml-2\/","title":{"rendered":"Schwarzkopf Igora Nude Coloration permanente 60ml"},"content":{"rendered":"<div class=\"product-content_bottom\">\n<div class=\"pdp-info\">\n<div class=\"pdp-delivery_information\"><span class=\"pdp-delivery_label\">Information importante :<\/span> Schwarzkopf est en train de changer l&#8217;emballage de Igora. Il se peut donc que vous receviez l&#8217;emballage actuel ou l&rsquo;ancien emballage.<br \/>Malheureusement, vous ne pourrez pas choisir lequel vous recevrez.<\/div>\n<div class=\"pdp-tabs tab-container\">\n<div class=\"tab js-tab\">\n<h3 class=\"tab-title pdp-tabs_title js-tab-mobile-title open\"><span>Points cl\u00e9s<\/span><\/h3>\n<div class=\"tab-description pdp-tabs_description js-tab-description open\" itemprop=\"description\">\n<ul>\n<li> Gamme de beiges poudr\u00e9s<\/li>\n<li>Couvre jusqu\u2019\u00e0 70% des cheveux blancs<\/li>\n<li>\u00c9l\u00e9gance et naturel<\/li>\n<li>Tenue longue dur\u00e9e <\/li>\n<\/ul>\n<\/div>\n<\/div>\n<div class=\"tab js-tab\">\n<h3 class=\"tab-title pdp-tabs_title js-tab-mobile-title\"><span>Description<\/span><\/h3>\n<div class=\"tab-description pdp-tabs_description js-tab-description\" itemprop=\"description\">Gr\u00e2ce \u00e0 Nude Igora de Schwarzkopf Professional\u00ae, vous offrez \u00e0 vos clients une gamme de beiges authentiques qui illumine la beaut\u00e9 naturelle des cheveux. Un changement subtil pour apporter une touche d\u2019\u00e9l\u00e9gance suppl\u00e9mentaire \u00e0 toutes vos coupes et coiffures !Avec sa technologie Igora Royal, Schwarzkopf Professional\u00ae a mis au point une nouvelle g\u00e9n\u00e9ration de pigments qui assurent un r\u00e9sultat ultra fid\u00e8le au nuancier, tout en intensifiant les couleurs et en couvrant les cheveux blancs. Gr\u00e2ce aux agents conducteurs de lipides, la p\u00e9n\u00e9tration des pigments est boost\u00e9e et la couleur scell\u00e9e. \u00c0 la cl\u00e9, une coloration haute en d\u00e9finition qui ne se ternit pas au fil du temps !On aime : ses six nuances id\u00e9ales pour les blonds les plus clairs jusqu&rsquo;aux ch\u00e2tains les plus intenses (hauteurs de ton 4 \u00e0 12) soit environ 90 % de vos clients.<\/div>\n<\/div>\n<div class=\"tab js-tab\">\n<h3 class=\"tab-title pdp-tabs_title js-tab-mobile-title\"><span>Mode d&#8217;emploi<\/span><\/h3>\n<div class=\"tab-description pdp-tabs_description js-tab-description\">M\u00e9langez en proportion 1:1, et \u00e0 1:2 avec le super \u00e9claircissant. Comptez un temps de pose de 30 \u00e0 45 min. Pour 100% de couverture des cheveux blancs, m\u00e9langez la nuance Nude Tones choisie dans un ratio 1:1 avec une base couvrante beige (\u2013 4), sauf nuances \u00e9claircissantesLe conseil de pro : pour un r\u00e9sultat ultra lumineux, utilisez une couleur plus claire sur les m\u00e8ches qui encadrent le visage.<\/div>\n<\/div>\n<div class=\"tab js-tab\">\n<h3 class=\"tab-title pdp-tabs_title js-tab-mobile-title\"><span>Ingr\u00e9dients<\/span><\/h3>\n<div class=\"tab-description pdp-tabs_description js-tab-description\">Ethanolamine, Polyquaternium-39, Resorcinol, Sodium Sulfite, Potassium Hydroxide, Ascorbic Acid, Linoleamidopropyl PG-Dimonium Chloride Phosphate, Sodium Sulfate, Linalool, 2-Methylresorcinol, Propylene Glycol, m-Aminophenol, 2-Amino-3-Hydroxypyridine, 2-Amino-4-Hydroxyethylaminoanisole Sulfate, Moringa Oleifera Seed Extract (Moringa Pterygosperma Seed Extract), 1-Hydroxyethyl 4, 5-Diamino Pyrazole Sulfate, Citric Acid, Cetearyl Alcohol, Ammonium Hydroxide, Glyceryl Stearate, Ceteareth-20, Octyldodecanol, Sodium Laureth Sulfate, Glycerin, Sodium Cetearyl Sulfate, CI 77891, Oleic Acid, Parfum, Toluene-2, 5-Diamine Sulfate, Potassium Stearate, Tetrasodium EDTA, Carbomer<\/div>\n<\/div>\n<div class=\"tab js-tab\">\n<h3 class=\"tab-title pdp-tabs_title js-tab-mobile-title\"><span>Livraison et stock<\/span><\/h3>\n<div class=\"tab-description pdp-tabs_description js-tab-description\">\n<div class=\"pdp-delivery_info\">\n<div class=\"content-asset\"><a class=\"pdp-delivery_link\" href=\"\/livraison-delais\/\">Livraison et d\u00e9lais<\/a><a class=\"pdp-delivery_link\" href=\"\/retours-remboursements\/\">Retours et remboursements<\/a><\/div>\n<\/div>\n<\/div>\n<\/div>\n<\/div>\n<\/div>\n<\/div>\n","protected":false},"excerpt":{"rendered":"<p>Information importante : Schwarzkopf est en train de changer l&#8217;emballage de Igora. Il se peut&hellip;<\/p>\n","protected":false},"featured_media":20021,"comment_status":"open","ping_status":"closed","template":"","meta":[],"pwb-brand":[646],"product_cat":[386],"product_tag":[317,210,319],"class_list":{"0":"post-37579","1":"product","2":"type-product","3":"status-publish","4":"has-post-thumbnail","6":"pwb-brand-schwarzkopf-professional","7":"product_cat-coloration-avec-ammoniaque","8":"product_tag-coloration","9":"product_tag-coloration-avec-ammoniaque","10":"product_tag-schwarzkopf-professional","12":"first","13":"instock","14":"taxable","15":"shipping-taxable","16":"purchasable","17":"product-type-variable","18":"layout-style-3","19":"col-md-4 col-sm-4 col-xs-6","20":"col-lg-3","21":"product-has-gallery","22":"product-style-default"},"aioseo_notices":[],"brands":[{"id":646,"name":"Schwarzkopf Professional","slug":"schwarzkopf-professional"}],"_links":{"self":[{"href":"https:\/\/cheveuxluxe.com\/index.php\/wp-json\/wp\/v2\/product\/37579","targetHints":{"allow":["GET"]}}],"collection":[{"href":"https:\/\/cheveuxluxe.com\/index.php\/wp-json\/wp\/v2\/product"}],"about":[{"href":"https:\/\/cheveuxluxe.com\/index.php\/wp-json\/wp\/v2\/types\/product"}],"replies":[{"embeddable":true,"href":"https:\/\/cheveuxluxe.com\/index.php\/wp-json\/wp\/v2\/comments?post=37579"}],"version-history":[{"count":0,"href":"https:\/\/cheveuxluxe.com\/index.php\/wp-json\/wp\/v2\/product\/37579\/revisions"}],"wp:featuredmedia":[{"embeddable":true,"href":"https:\/\/cheveuxluxe.com\/index.php\/wp-json\/wp\/v2\/media\/20021"}],"wp:attachment":[{"href":"https:\/\/cheveuxluxe.com\/index.php\/wp-json\/wp\/v2\/media?parent=37579"}],"wp:term":[{"taxonomy":"pwb-brand","embeddable":true,"href":"https:\/\/cheveuxluxe.com\/index.php\/wp-json\/wp\/v2\/pwb-brand?post=37579"},{"taxonomy":"product_cat","embeddable":true,"href":"https:\/\/cheveuxluxe.com\/index.php\/wp-json\/wp\/v2\/product_cat?post=37579"},{"taxonomy":"product_tag","embeddable":true,"href":"https:\/\/cheveuxluxe.com\/index.php\/wp-json\/wp\/v2\/product_tag?post=37579"}],"curies":[{"name":"wp","href":"https:\/\/api.w.org\/{rel}","templated":true}]}}