{"id":37608,"date":"2024-04-14T14:34:47","date_gmt":"2024-04-14T14:34:47","guid":{"rendered":"https:\/\/cheveuxluxe.com\/?post_type=product&#038;p=37608"},"modified":"2024-04-14T14:35:32","modified_gmt":"2024-04-14T14:35:32","slug":"schwarzkopf-professional-blond-me-lift-blend-60ml-2","status":"publish","type":"product","link":"https:\/\/cheveuxluxe.com\/index.php\/product\/schwarzkopf-professional-blond-me-lift-blend-60ml-2\/","title":{"rendered":"Schwarzkopf Professional Blond Me Lift &#038; Blend 60ml"},"content":{"rendered":"<div class=\"product-content_bottom\">\n<div class=\"pdp-info\">\n<div class=\"pdp-tabs tab-container\">\n<div class=\"tab js-tab\">\n<h3 class=\"tab-title pdp-tabs_title js-tab-mobile-title open\"><span>Points cl\u00e9s<\/span><\/h3>\n<div class=\"tab-description pdp-tabs_description js-tab-description open\" itemprop=\"description\">\n<ul>\n<li>Fort pouvoir neutralisant pour \u00e9quilibrer les sous-tons jaunes-orang\u00e9s<\/li>\n<li>Jusqu&rsquo;\u00e0 4 tons d&rsquo;\u00e9claircissement pour les bases naturelles 6 et plus claires avec 30-70% de cheveux blancs<\/li>\n<li>Combinaison optimale de d\u00e9coloration et de neutralisation pour les cheveux naturels<\/li>\n<li>Avec la Bonding Technology int\u00e9gr\u00e9e qui prot\u00e8ge la fibre capillaire pendant l&rsquo;application, pour une casse minimale des cheveux<\/li>\n<\/ul>\n<\/div>\n<\/div>\n<div class=\"tab js-tab\">\n<h3 class=\"tab-title pdp-tabs_title js-tab-mobile-title\"><span>Description<\/span><\/h3>\n<div class=\"tab-description pdp-tabs_description js-tab-description\" itemprop=\"description\">Les Cr\u00e8mes Blondeurs \u00e0 \u00c9claircir \u00ab\u00a0Sp\u00e9cial Cheveux Blancs\u00a0\u00bb sont id\u00e9ales pour les cheveux des clients matures qui recherchent un look blond sophistiqu\u00e9, jusqu&rsquo;\u00e0 4 tons d&rsquo;\u00e9claircissement et une couverture optimale du cheveu blanc pour des bases naturelles 6 ou plus claires avec 30 \u00e0 70% de cheveux blancs.<\/div>\n<\/div>\n<div class=\"tab js-tab\">\n<h3 class=\"tab-title pdp-tabs_title js-tab-mobile-title\"><span>Mode d&#8217;emploi<\/span><\/h3>\n<div class=\"tab-description pdp-tabs_description js-tab-description\">Toujours m\u00e9langer les Cr\u00e8mes Blondeurs \u00e0 \u00c9claircir \u00ab\u00a0Sp\u00e9cial Cheveux Blancs\u00a0\u00bb avec le R\u00e9v\u00e9lateur Premium BLONDME (1:1) :<br \/>Pour les bases 6 et 7 : R\u00e9v\u00e9lateur Premium BLONDME 12%\/40Vol.<br \/>Pour les bases 8 et plus claires : R\u00e9v\u00e9lateur Premium BLONDME 9%\/30Vol.<\/p>\n<p>Appliquez sur cheveux secs, ne pas utiliser de shampooing au pr\u00e9alable. Appliquez le m\u00e9lange imm\u00e9diatement apr\u00e8s la pr\u00e9paration en fines sections. Utilisez une quantit\u00e9 g\u00e9n\u00e9reuse de produit pour obtenir les meilleurs r\u00e9sultats possibles.<\/p><\/div>\n<\/div>\n<div class=\"tab js-tab\">\n<h3 class=\"tab-title pdp-tabs_title js-tab-mobile-title\"><span>Ingr\u00e9dients<\/span><\/h3>\n<div class=\"tab-description pdp-tabs_description js-tab-description\">Aqua (Water, Eau)* Propylene Glycol* PPG-1-PEG-9 Lauryl Glycol Ether* Phenoxyethanol* Potassium Hydroxide* Xanthan Gum* Carbomer* Toluene-2,5-Diamine Sulfate* Coco-Glucoside* Ethanolamine* Perfume (Fragrance)* Resorcinol* Sodium Sulfite* Potassium Phosphate* Caprylyl\/Capryl Glucosides* XylityLglucosides* Arginine* Lysine HCl* Succinic Acid* Anhydroxylitol* N,N-Bis(2-Hydroxyethyl)-p-Phenylenediamine Sulfate* 2-Methylresorcinol* Etidronic Acid* Niacinamides* Panthenol* Xylitol* m-Aminophenol* Geraniol* 2,4-Diaminophenoxyethanol HCl* Glucose* Hydrolyzed Keratin* Potassium Sorbate* Sodium Benzoate<\/div>\n<\/div>\n<div class=\"tab js-tab\">\n<h3 class=\"tab-title pdp-tabs_title js-tab-mobile-title\"><span>Livraison et stock<\/span><\/h3>\n<div class=\"tab-description pdp-tabs_description js-tab-description\">\n<div class=\"pdp-delivery_info\">\n<div class=\"content-asset\"><a class=\"pdp-delivery_link\" href=\"\/livraison-delais\/\">Livraison et d\u00e9lais<\/a><a class=\"pdp-delivery_link\" href=\"\/retours-remboursements\/\">Retours et remboursements<\/a><\/div>\n<\/div>\n<\/div>\n<\/div>\n<div class=\"tab js-tab\">\n<h3 class=\"tab-title pdp-tabs_title js-tab-mobile-title\"><span>Pr\u00e9cautions d&#8217;emploi<\/span><\/h3>\n<div class=\"tab-description pdp-tabs_description js-tab-description\">Pour un usage professionnel uniquement. Les colorants capillaires peuvent provoquer des r\u00e9actions allergiques graves. Lisez et suivez les instructions. Ce produit n&rsquo;est pas destin\u00e9 \u00e0 \u00eatre utilis\u00e9 sur des personnes de moins de 16 ans. Les tatouages temporaires au \u00ab\u00a0henn\u00e9 noir\u00a0\u00bb peuvent augmenter votre risque d&rsquo;allergie. Ne colorez pas vos cheveux si vous avez une \u00e9ruption cutan\u00e9e sur le visage ou un cuir chevelu sensible, irrit\u00e9 et endommag\u00e9, si vous avez d\u00e9j\u00e0 eu une r\u00e9action apr\u00e8s avoir color\u00e9 vos cheveux ou si vous avez d\u00e9j\u00e0 eu une r\u00e9action \u00e0 un tatouage temporaire au henn\u00e9 noir. Tenir hors de port\u00e9e des enfants. \u00c9vitez tout contact avec les yeux. Rincez imm\u00e9diatement si le produit entre en contact avec eux. Ne pas utiliser pour teindre les cils ou les sourcils. Bien rincer les cheveux apr\u00e8s l&rsquo;application. Porter des gants adapt\u00e9s.<\/div>\n<\/div>\n<\/div>\n<\/div>\n<\/div>\n","protected":false},"excerpt":{"rendered":"<p>Points cl\u00e9s Fort pouvoir neutralisant pour \u00e9quilibrer les sous-tons jaunes-orang\u00e9s Jusqu&rsquo;\u00e0 4 tons d&rsquo;\u00e9claircissement pour&hellip;<\/p>\n","protected":false},"featured_media":36077,"comment_status":"open","ping_status":"closed","template":"","meta":[],"pwb-brand":[646],"product_cat":[386],"product_tag":[317,210,319],"class_list":{"0":"post-37608","1":"product","2":"type-product","3":"status-publish","4":"has-post-thumbnail","6":"pwb-brand-schwarzkopf-professional","7":"product_cat-coloration-avec-ammoniaque","8":"product_tag-coloration","9":"product_tag-coloration-avec-ammoniaque","10":"product_tag-schwarzkopf-professional","12":"first","13":"instock","14":"taxable","15":"shipping-taxable","16":"purchasable","17":"product-type-variable","18":"layout-style-3","19":"col-md-4 col-sm-4 col-xs-6","20":"col-lg-3","21":"product-has-gallery","22":"product-style-default"},"aioseo_notices":[],"brands":[{"id":646,"name":"Schwarzkopf Professional","slug":"schwarzkopf-professional"}],"_links":{"self":[{"href":"https:\/\/cheveuxluxe.com\/index.php\/wp-json\/wp\/v2\/product\/37608","targetHints":{"allow":["GET"]}}],"collection":[{"href":"https:\/\/cheveuxluxe.com\/index.php\/wp-json\/wp\/v2\/product"}],"about":[{"href":"https:\/\/cheveuxluxe.com\/index.php\/wp-json\/wp\/v2\/types\/product"}],"replies":[{"embeddable":true,"href":"https:\/\/cheveuxluxe.com\/index.php\/wp-json\/wp\/v2\/comments?post=37608"}],"version-history":[{"count":0,"href":"https:\/\/cheveuxluxe.com\/index.php\/wp-json\/wp\/v2\/product\/37608\/revisions"}],"wp:featuredmedia":[{"embeddable":true,"href":"https:\/\/cheveuxluxe.com\/index.php\/wp-json\/wp\/v2\/media\/36077"}],"wp:attachment":[{"href":"https:\/\/cheveuxluxe.com\/index.php\/wp-json\/wp\/v2\/media?parent=37608"}],"wp:term":[{"taxonomy":"pwb-brand","embeddable":true,"href":"https:\/\/cheveuxluxe.com\/index.php\/wp-json\/wp\/v2\/pwb-brand?post=37608"},{"taxonomy":"product_cat","embeddable":true,"href":"https:\/\/cheveuxluxe.com\/index.php\/wp-json\/wp\/v2\/product_cat?post=37608"},{"taxonomy":"product_tag","embeddable":true,"href":"https:\/\/cheveuxluxe.com\/index.php\/wp-json\/wp\/v2\/product_tag?post=37608"}],"curies":[{"name":"wp","href":"https:\/\/api.w.org\/{rel}","templated":true}]}}

<div class="product-content_bottom">
<div class="pdp-info">
<div class="pdp-tabs tab-container">
<div class="tab js-tab">
<h3 class="tab-title pdp-tabs_title js-tab-mobile-title open"><span>Points clés</span></h3>
<div class="tab-description pdp-tabs_description js-tab-description open" itemprop="description">
<ul>
<li>Fort pouvoir neutralisant pour équilibrer les sous-tons jaunes-orangés</li>
<li>Jusqu&rsquo;à 4 tons d&rsquo;éclaircissement pour les bases naturelles 6 et plus claires avec 30-70% de cheveux blancs</li>
<li>Combinaison optimale de décoloration et de neutralisation pour les cheveux naturels</li>
<li>Avec la Bonding Technology intégrée qui protège la fibre capillaire pendant l&rsquo;application, pour une casse minimale des cheveux</li>
</ul>
</div>
</div>
<div class="tab js-tab">
<h3 class="tab-title pdp-tabs_title js-tab-mobile-title"><span>Description</span></h3>
<div class="tab-description pdp-tabs_description js-tab-description" itemprop="description">Les Crèmes Blondeurs à Éclaircir « Spécial Cheveux Blancs » sont idéales pour les cheveux des clients matures qui recherchent un look blond sophistiqué, jusqu&rsquo;à 4 tons d&rsquo;éclaircissement et une couverture optimale du cheveu blanc pour des bases naturelles 6 ou plus claires avec 30 à 70% de cheveux blancs.</div>
</div>
<div class="tab js-tab">
<h3 class="tab-title pdp-tabs_title js-tab-mobile-title"><span>Mode d&#8217;emploi</span></h3>
<div class="tab-description pdp-tabs_description js-tab-description">Toujours mélanger les Crèmes Blondeurs à Éclaircir « Spécial Cheveux Blancs » avec le Révélateur Premium BLONDME (1:1) :<br />Pour les bases 6 et 7 : Révélateur Premium BLONDME 12%/40Vol.<br />Pour les bases 8 et plus claires : Révélateur Premium BLONDME 9%/30Vol.</p>
<p>Appliquez sur cheveux secs, ne pas utiliser de shampooing au préalable. Appliquez le mélange immédiatement après la préparation en fines sections. Utilisez une quantité généreuse de produit pour obtenir les meilleurs résultats possibles.</p></div>
</div>
<div class="tab js-tab">
<h3 class="tab-title pdp-tabs_title js-tab-mobile-title"><span>Ingrédients</span></h3>
<div class="tab-description pdp-tabs_description js-tab-description">Aqua (Water, Eau)* Propylene Glycol* PPG-1-PEG-9 Lauryl Glycol Ether* Phenoxyethanol* Potassium Hydroxide* Xanthan Gum* Carbomer* Toluene-2,5-Diamine Sulfate* Coco-Glucoside* Ethanolamine* Perfume (Fragrance)* Resorcinol* Sodium Sulfite* Potassium Phosphate* Caprylyl/Capryl Glucosides* XylityLglucosides* Arginine* Lysine HCl* Succinic Acid* Anhydroxylitol* N,N-Bis(2-Hydroxyethyl)-p-Phenylenediamine Sulfate* 2-Methylresorcinol* Etidronic Acid* Niacinamides* Panthenol* Xylitol* m-Aminophenol* Geraniol* 2,4-Diaminophenoxyethanol HCl* Glucose* Hydrolyzed Keratin* Potassium Sorbate* Sodium Benzoate</div>
</div>
<div class="tab js-tab">
<h3 class="tab-title pdp-tabs_title js-tab-mobile-title"><span>Livraison et stock</span></h3>
<div class="tab-description pdp-tabs_description js-tab-description">
<div class="pdp-delivery_info">
<div class="content-asset"><a class="pdp-delivery_link" href="/livraison-delais/">Livraison et délais</a><a class="pdp-delivery_link" href="/retours-remboursements/">Retours et remboursements</a></div>
</div>
</div>
</div>
<div class="tab js-tab">
<h3 class="tab-title pdp-tabs_title js-tab-mobile-title"><span>Précautions d&#8217;emploi</span></h3>
<div class="tab-description pdp-tabs_description js-tab-description">Pour un usage professionnel uniquement. Les colorants capillaires peuvent provoquer des réactions allergiques graves. Lisez et suivez les instructions. Ce produit n&rsquo;est pas destiné à être utilisé sur des personnes de moins de 16 ans. Les tatouages temporaires au « henné noir » peuvent augmenter votre risque d&rsquo;allergie. Ne colorez pas vos cheveux si vous avez une éruption cutanée sur le visage ou un cuir chevelu sensible, irrité et endommagé, si vous avez déjà eu une réaction après avoir coloré vos cheveux ou si vous avez déjà eu une réaction à un tatouage temporaire au henné noir. Tenir hors de portée des enfants. Évitez tout contact avec les yeux. Rincez immédiatement si le produit entre en contact avec eux. Ne pas utiliser pour teindre les cils ou les sourcils. Bien rincer les cheveux après l&rsquo;application. Porter des gants adaptés.</div>
</div>
</div>
</div>
</div>

<p>Points clés Fort pouvoir neutralisant pour équilibrer les sous-tons jaunes-orangés Jusqu&rsquo;à 4 tons d&rsquo;éclaircissement pour&hellip;</p>
