{"id":37859,"date":"2024-04-14T14:37:42","date_gmt":"2024-04-14T14:37:42","guid":{"rendered":"https:\/\/cheveuxluxe.com\/?post_type=product&#038;p=37859"},"modified":"2024-04-14T14:38:36","modified_gmt":"2024-04-14T14:38:36","slug":"xp100-light-radiance-coloration-ton-sur-ton-100ml-2","status":"publish","type":"product","link":"https:\/\/cheveuxluxe.com\/index.php\/product\/xp100-light-radiance-coloration-ton-sur-ton-100ml-2\/","title":{"rendered":"XP100 Light Radiance Coloration Ton sur Ton 100ml"},"content":{"rendered":"<div class=\"product-content_bottom\">\n<div class=\"pdp-info\">\n<div class=\"pdp-delivery_information\"><span class=\"pdp-delivery_label\">Information importante :<\/span> Combinez cette coloration avec un des oxydant XP100.<br \/>Disponible en plusieurs volum\u00e9tries, recherchez XP100 Light Cr\u00e8me Oxydante.<br \/>D\u00e9couvrez le Mode d&#8217;emploi ci-dessous pour plus de d\u00e9tails.<\/div>\n<div class=\"pdp-tabs tab-container\">\n<div class=\"tab js-tab\">\n<h3 class=\"tab-title pdp-tabs_title js-tab-mobile-title open\"><span>Points cl\u00e9s<\/span><\/h3>\n<div class=\"tab-description pdp-tabs_description js-tab-description open\" itemprop=\"description\">\n<p>\u00a0<\/p>\n<ul>\n<li>Fabriqu\u00e9 en France<\/li>\n<li>Ton sur ton<\/li>\n<li>Sans ammoniaque<\/li>\n<li>Enrichie en k\u00e9ratine<\/li>\n<li>Brillance extr\u00eame<\/li>\n<li>Couvre les cheveux blancs<\/li>\n<li>Excellent rapport qualit\u00e9-prix avec les tubes de 100ml (2x le standard)<\/li>\n<\/ul>\n<p>\u00a0<\/p>\n<\/div>\n<\/div>\n<div class=\"tab js-tab\">\n<h3 class=\"tab-title pdp-tabs_title js-tab-mobile-title\"><span>Description<\/span><\/h3>\n<div class=\"tab-description pdp-tabs_description js-tab-description\" itemprop=\"description\">\n<p>La coloration demi-permanente XP100 Light Radiance, et son effet ton sur ton,\u00a0est toute indiqu\u00e9e pour les clientes qui aiment m\u00e9tamorphoser leur look fr\u00e9quemment. Sa formule ne contient pas d\u2019ammoniaque, et permet donc de renouveler la couleur souvent, sans agresser la fibre capillaire. Elle couvre environ 50% des cheveux gris et offre un r\u00e9sultat naturel.<\/p>\n<p>La coloration\u00a0est formul\u00e9e \u00e0 base de k\u00e9ratine, une prot\u00e9ine naturellement pr\u00e9sente dans le cheveu et connue pour son action nourrissante. Viennent s\u2019y ajouter des polym\u00e8res brillants qui enrobent la chevelure d\u2019un film transparent. Celui-ci lisse la structure de la fibre capillaire et lui apporte douceur et brillance.<\/p>\n<p>La coloration s\u2019appuie sur un complexe \u00e0 double action, qui rend la couleur lumineuse et la prot\u00e8ge contre l\u2019affadissement. Elle est demi-permanente, avec une dur\u00e9e d\u2019environ 24 shampooings et s\u2019estompe donc progressivement.<\/p>\n<p>Pour consulter le nuancier, <a href=\"https:\/\/www.pro-duo.fr\/on\/demandware.static\/-\/Sites-ProDuo_Retail_FR-Library\/default\/dwf980435f\/pdf\/XPBrandBook_Aug19_WRF.pdf#page=24\">cliquez ici<\/a>.<\/p>\n<\/div>\n<\/div>\n<div class=\"tab js-tab\">\n<h3 class=\"tab-title pdp-tabs_title js-tab-mobile-title\"><span>Mode d&#8217;emploi<\/span><\/h3>\n<div class=\"tab-description pdp-tabs_description js-tab-description\">M\u00e9langez 30 g de coloration Light Radiance de XP 100 avec 60 g de r\u00e9v\u00e9lateur.Appliquez sur la chevelure des racines aux pointes.Laissez poser pendant 20 minutes.Rincez abondamment \u00e0 l\u2019eau claire.<\/div>\n<\/div>\n<div class=\"tab js-tab\">\n<h3 class=\"tab-title pdp-tabs_title js-tab-mobile-title\"><span>Ingr\u00e9dients<\/span><\/h3>\n<div class=\"tab-description pdp-tabs_description js-tab-description\">AQUA (WATER) \u2022 LAURETH-2 \u2022 OLEIC ACID \u2022 ETHANOLAMINE \u2022 GLYCOL DISTEARATE \u2022 COCAMIDOPROPYL BETAINE \u2022 PARFUM (FRAGRANCE) \u2022 PROPYLENE GLYCOL \u2022 MYRISTAMINE OXIDE \u2022 POLYQUATERNIUM-22 \u2022 TETRASODIUM EDTA \u2022 SODIUM SULFITE \u2022 SODIUM CHLORIDE \u2022 ERYTHORBIC ACID \u2022 MICA \u2022 2-METHYLRESORCINOL \u2022 HYDROLYZED KERATIN \u2022 TITANIUM DIOXIDE \u2022 CITRUS AURANTIUM DULCIS (ORANGE) PEEL WAX \u2022 N,N-BIS(2-HYDROXYETHYL)-P-PHENYLENEDIAMINE SULFATE \u2022 M-AMINOPHENOL \u2022 SODIUM BENZOATE \u2022 BUTYLENE GLYCOL \u2022 PHENOXYETHANOL<\/div>\n<\/div>\n<div class=\"tab js-tab\">\n<h3 class=\"tab-title pdp-tabs_title js-tab-mobile-title\"><span>Livraison et stock<\/span><\/h3>\n<div class=\"tab-description pdp-tabs_description js-tab-description\">\n<div class=\"pdp-delivery_info\">\n<div class=\"content-asset\"><a class=\"pdp-delivery_link\" href=\"\/livraison-delais\/\">Livraison et d\u00e9lais<\/a><a class=\"pdp-delivery_link\" href=\"\/retours-remboursements\/\">Retours et remboursements<\/a><\/div>\n<\/div>\n<\/div>\n<\/div>\n<\/div>\n<\/div>\n<\/div>\n","protected":false},"excerpt":{"rendered":"<p>Information importante : Combinez cette coloration avec un des oxydant XP100.Disponible en plusieurs volum\u00e9tries, recherchez&hellip;<\/p>\n","protected":false},"featured_media":18547,"comment_status":"open","ping_status":"closed","template":"","meta":[],"pwb-brand":[627],"product_cat":[387],"product_tag":[317,216,360],"class_list":{"0":"post-37859","1":"product","2":"type-product","3":"status-publish","4":"has-post-thumbnail","6":"pwb-brand-xp100","7":"product_cat-coloration-sans-ammoniaque","8":"product_tag-coloration","9":"product_tag-coloration-sans-ammoniaque","10":"product_tag-xp100","12":"first","13":"instock","14":"taxable","15":"shipping-taxable","16":"purchasable","17":"product-type-variable","18":"layout-style-3","19":"col-md-4 col-sm-4 col-xs-6","20":"col-lg-3","21":"product-has-gallery","22":"product-style-default"},"aioseo_notices":[],"brands":[{"id":627,"name":"XP100","slug":"xp100"}],"_links":{"self":[{"href":"https:\/\/cheveuxluxe.com\/index.php\/wp-json\/wp\/v2\/product\/37859","targetHints":{"allow":["GET"]}}],"collection":[{"href":"https:\/\/cheveuxluxe.com\/index.php\/wp-json\/wp\/v2\/product"}],"about":[{"href":"https:\/\/cheveuxluxe.com\/index.php\/wp-json\/wp\/v2\/types\/product"}],"replies":[{"embeddable":true,"href":"https:\/\/cheveuxluxe.com\/index.php\/wp-json\/wp\/v2\/comments?post=37859"}],"version-history":[{"count":0,"href":"https:\/\/cheveuxluxe.com\/index.php\/wp-json\/wp\/v2\/product\/37859\/revisions"}],"wp:featuredmedia":[{"embeddable":true,"href":"https:\/\/cheveuxluxe.com\/index.php\/wp-json\/wp\/v2\/media\/18547"}],"wp:attachment":[{"href":"https:\/\/cheveuxluxe.com\/index.php\/wp-json\/wp\/v2\/media?parent=37859"}],"wp:term":[{"taxonomy":"pwb-brand","embeddable":true,"href":"https:\/\/cheveuxluxe.com\/index.php\/wp-json\/wp\/v2\/pwb-brand?post=37859"},{"taxonomy":"product_cat","embeddable":true,"href":"https:\/\/cheveuxluxe.com\/index.php\/wp-json\/wp\/v2\/product_cat?post=37859"},{"taxonomy":"product_tag","embeddable":true,"href":"https:\/\/cheveuxluxe.com\/index.php\/wp-json\/wp\/v2\/product_tag?post=37859"}],"curies":[{"name":"wp","href":"https:\/\/api.w.org\/{rel}","templated":true}]}}