{"id":37946,"date":"2024-04-14T14:38:40","date_gmt":"2024-04-14T14:38:40","guid":{"rendered":"https:\/\/cheveuxluxe.com\/?post_type=product&#038;p=37946"},"modified":"2024-04-14T14:39:40","modified_gmt":"2024-04-14T14:39:40","slug":"kemon-nayo-coloration-cheveux-50ml-2","status":"publish","type":"product","link":"https:\/\/cheveuxluxe.com\/index.php\/product\/kemon-nayo-coloration-cheveux-50ml-2\/","title":{"rendered":"Kemon Nayo Coloration Cheveux 50ml"},"content":{"rendered":"<div class=\"product-content_bottom\">\n<div class=\"pdp-info\">\n<div class=\"pdp-tabs tab-container\">\n<div class=\"tab js-tab\">\n<h3 class=\"tab-title pdp-tabs_title js-tab-mobile-title open\"><span>Points cl\u00e9s<\/span><\/h3>\n<div class=\"tab-description pdp-tabs_description js-tab-description open\" itemprop=\"description\">\n<ul>\n<li> Cuticule saine<\/li>\n<li>Plus de brillance<\/li>\n<li>Couleur plus durable<\/li>\n<li>Plus d&rsquo;uniformit\u00e9 <\/li>\n<\/ul>\n<\/div>\n<\/div>\n<div class=\"tab js-tab\">\n<h3 class=\"tab-title pdp-tabs_title js-tab-mobile-title\"><span>Description<\/span><\/h3>\n<div class=\"tab-description pdp-tabs_description js-tab-description\" itemprop=\"description\">\n<p>Coloration permanente et douce \u00e0 la texture cr\u00e9meuse, sans ammoniaque ni parfum. Couvre parfaitement les cheveux blancs et donne une couleur intense et brillante. Application facile et rapide, performances exceptionnelles, couvre les cheveux blancs \u00e0 100%, \u00e9claircissement jusqu&rsquo;\u00e0 4\/5 niveaux gr\u00e2ce aux super-\u00e9claircissants, uniformit\u00e9 totale du ton, r\u00e9sultats extraordinairement durables, teintes interchangeables pour des r\u00e9sultats personnalis\u00e9s.<\/p>\n<p>Jusqu&rsquo;\u00e0 70% d&rsquo;ingr\u00e9dients d&rsquo;origine naturelle :\u00a0valeur calcul\u00e9e conform\u00e9ment \u00e0 la norme technique ISO 16128 par rapport au m\u00e9lange de la couleur NaYo avec l&rsquo;activateur NaYo Cream. Contient le Velian Complex, un m\u00e9lange brevet\u00e9 de 4 extraits de plantes (Mullein, Helichrysum, Flax, Dyer&rsquo;s Chamomile) aux caract\u00e9ristiques anti-inflammatoires, antibact\u00e9riennes et antioxydantes.<\/p>\n<p>Avec sa\u00a0formule\u00a0sans ammoniaque, la\u00a0premi\u00e8re\u00a0enrichie\u00a0en extrait de yaourt et en plantes officinales bio \u00e0 l\u2019effet apaisant, Yo Color System est un concept innovateur de coloration : extr\u00eamement confortable, il est inodore, ne cause pas d\u2019irritations et poss\u00e8de la m\u00eame texture riche, cr\u00e9meuse et moelleuse que le yaourt, particuli\u00e8rement agr\u00e9able \u00e0 appliquer et d\u00e9licate sur le cuir chevelu.<\/p>\n<p>Il contient \u00e9galement de l\u2019extrait de yaourt pour un effet apaisant et protecteur plus intense. Les cheveux paraissent visiblement plus brillants, revitalis\u00e9s et plus sains.\u00a0<\/p>\n<p>Pour consulter le nuancier, <a href=\"https:\/\/www.pro-duo.fr\/on\/demandware.static\/-\/Sites-ProDuo_Retail_FR-Library\/default\/dwf980435f\/pdf\/KEMON%20UK%20-%20Yo%20Colour%20System%20-%20Lunex%20System%20Information%20Guide.pdf#page=15\">cliquez\u00a0ici<\/a>.<\/p>\n<\/div>\n<\/div>\n<div class=\"tab js-tab\">\n<h3 class=\"tab-title pdp-tabs_title js-tab-mobile-title\"><span>Mode d&#8217;emploi<\/span><\/h3>\n<div class=\"tab-description pdp-tabs_description js-tab-description\">M\u00e9lange : 1:1,5 (doser en premier NaYo Cream Activator).Exemple : 50 ml de cr\u00e8me colorante NaYo \/ 3 sachets de 25 ml ou 75 ml de NaYo Cream Activator. M\u00e9langer jusqu\u2019\u00e0 obtention d\u2019une cr\u00e8me \u00e0 la texture riche et au rendu parfait.M\u00e9lange des Super \u00e9claircissants : 1:2 (doser en premier NaYo Cream Activator). Exemple : 50 ml de cr\u00e8me colorante NaYo \/ 4 sachets de 25 ml ou 100 ml de NaYo Cream Activator. M\u00e9langer jusqu\u2019\u00e0 obtention d\u2019une cr\u00e8me \u00e0 la texture riche et au rendu parfait.NAYO CREAM ACTIVATOR &#8211; Utiliser NaYo Cream Activator : 10 volumes pour foncer ou \u00e9claircir jusqu\u2019\u00e0 1 ton_; 20 volumes pour obtenir la meilleure couverture des cheveux blancs et \u00e9claircir jusqu\u2019\u00e0 2 tons_; 30 volumes pour couvrir les cheveux blancs et \u00e9claircir jusqu\u2019\u00e0 3 tons_; 40 volumes pour \u00e9claircir jusqu\u2019\u00e0 4 tons et, en m\u00e9lange 1:2 avec les Super \u00e9claircissants, pour maximiser l\u2019action \u00e9claircissante (4 \u00e0 5 tons).APPLICATION ET TEMPS DE POSEPour une application de retouche : appliquer uniquement sur les racines et laisser poser pendant 35 minutes. En cas de couleur a_adie de plus de 2 tons sur les longueurs et pointes, appliquer sur les racines, longueurs et pointes pendant 35 minutes. En cas de couleur a_adie jusqu\u2019\u00e0 1 ton sur les longueurs et pointes, appliquer sur les longueurs et pointes uniquement lors des 10 derni\u00e8res minutes du temps de pose. Temps de pose total : 35 minutes. En cas de couleur a_adie jusqu\u2019\u00e0 1\/2 ton sur les longueurs et pointes, appliquer sur les longueurs et pointes uniquement lors des 5 derni\u00e8res minutes du temps de pose. Temps de pose total : 35 minutes. Temps de pose des Super \u00e9claircissants : 50 minutes. \u00c0 la fin du temps de pose, \u00e9mulsionner, rincer soigneusement et terminer par un shampooing sp\u00e9cifique post-coloration.Premi\u00e8re application sur cheveux naturels jamais color\u00e9s :Pour \u00e9claircir d\u2019un ton, appliquer NaYo en m\u00e9lange avec l\u2019activateur \u00e0 10 volumes sur les racines et \u00e0 20 volumes sur les longueurs et pointes. Pour \u00e9claircir de 2 tons, appliquer NaYo en m\u00e9lange avec l\u2019activateur \u00e0 20 volumes sur les racines et \u00e0 30 volumes sur les longueurs et pointes. Pour \u00e9claircir de 3 tons, appliquer NaYo en m\u00e9lange avec l\u2019activateur \u00e0 30 volumes sur les racines et \u00e0 40 volumes sur les longueurs et pointes.Toujours laisser poser pendant 35 minutes. \u00c0 la fin du temps de pose, \u00e9mulsionner, rincer soigneusement et terminer par un shampooing sp\u00e9cifique post-coloration.COUVERTURE DES CHEVEUX BLANCS &#8211; Les nuances des s\u00e9ries Naturelle, Dor\u00e9e (.3), Naturelle Acajou (.06) et Naturelle Cuivr\u00e9e (.04) couvrent les cheveux blancs \u00e0 100% sans m\u00e9lange. Les autres s\u00e9ries couvrent les cheveux blancs jusqu\u2019\u00e0 50%. Pour maximiser la couverture, il faut m\u00e9langer un tiers de la nuance Naturelle, Dor\u00e9e (.3), Naturelle Acajou (.06) ou Naturelle Cuivr\u00e9e (.04) la plus appropri\u00e9e, selon le reflet souhait\u00e9, avec deux tiers de la nuance d\u00e9sir\u00e9e.NAYO M\u00c8CHES &#8211; Ces nuances colorent et repigmentent en un seul geste. Elles sont con\u00e7ues pour r\u00e9aliser des m\u00e8ches sur des hauteurs de ton claires de fa\u00e7on parfaitement uniforme et en toute simplicit\u00e9. Mode d\u2019emploi : utiliser sur des hauteurs de ton de 7 \u00e0 10 sur base cosm\u00e9tique. M\u00e9langer en 1:1,5, par exemple 50 ml de NaYo M\u00e8ches avec 3 sachets ou 75 ml de NaYo Cream Activator \u00e0 10 ou 20 volumes. Utiliser l\u2019activateur \u00e0 10 volumes pour obtenir un r\u00e9sultat plus intense et naturel. Utiliser l\u2019activateur \u00e0 20 volumes pour obtenir une couleur l\u00e9g\u00e8rement plus claire et chaude. Temps de pose : 35 minutes \u00e0 temp\u00e9rature ambiante. De plus, la s\u00e9rie NaYo M\u00e8ches, si elle est utilis\u00e9e avec les s\u00e9ries Naturelles, am\u00e9liore la couverture des cheveux blancs durs et r\u00e9fractaires. M\u00e9langer 1\/3 de la nuance NaYo M\u00e8ches s\u00e9lectionn\u00e9e avec 2\/3 de la nuance Naturelle, Dor\u00e9e, Naturelle Acajou ou Naturelle Cuivr\u00e9e choisie.SUPER \u00c9CLAIRCISSANTS &#8211; Pour obtenir des \u00e9claircissements jusqu\u2019\u00e0 4 ou 5 tons sur cheveux naturels. Fonds d\u2019application id\u00e9als : 6 &#8211; 7. M\u00e9langer en 1:2 uniquement avec NaYo Cream Activator \u00e0 40 volumes. Temps de pose: 50 minutes. Appliquer le m\u00e9lange sur les racines naturelles, qui ne doivent pas d\u00e9passer 1,5 cm de long afin d\u2019\u00e9viter toute d\u00e9marcation. Les Super \u00e9claircissants ne peuvent pas \u00eatre utilis\u00e9s pour patiner les longueurs et pointes ni pour couvrir les cheveux blancs.CONSEILS D\u2019UTILISATION :Porter des gants de protection appropri\u00e9s, de pr\u00e9f\u00e9rence jetables, pendant la manipulation du produit.\u00c9viter tout contact avec la peau et les yeux. Rincer imm\u00e9diatement les yeux si le produit entre en contact avec ceux-ci. Ne pas employer pour la coloration des cils et des sourcils, cela pourrait provoquer la c\u00e9cit\u00e9. Bien rincer les cheveux apr\u00e8s application.Ne pas d\u00e9passer les temps de pose conseill\u00e9s.Ce produit contient des ingr\u00e9dients qui peuvent causer de l&rsquo;irritation cutan\u00e9e chez certaines personnes ; il faut donc d&rsquo;abord effectuer une \u00e9preuve pr\u00e9liminaire de sensibilit\u00e9 (touche d\u2019essai) obligatoirement 48h avant chaque application.<\/div>\n<\/div>\n<div class=\"tab js-tab\">\n<h3 class=\"tab-title pdp-tabs_title js-tab-mobile-title\"><span>Ingr\u00e9dients<\/span><\/h3>\n<div class=\"tab-description pdp-tabs_description js-tab-description\">AQUA (WATER, EAU), ETHANOLAMINE, CETEARYL ALCOHOL, LAURETH-3, PETROLATUM, POLYSORBATE 60, PROPYLENE GLYCOL, BETAINE, SODIUM MYRETH SULFATE, SORBITAN STEARATE, GLYCERYL ISOSTEARATE, OLEIC ACID, GLYCERYL STEARATE SE, COCAMIDOPROPYL BETAINE, COCOS NUCIFERA OIL (COCOS NUCIFERA (COCONUT) OIL), TOLUENE-2, 5-DIAMINE SULFATE, SORBITAN OLEATE, SODIUM LAURYL SULFATE, OLETH-4 PHOSPHATE, HYDROGENATED CASTOR OIL, CETEARETH-20, OLEYL PHOSPHATE, DISODIUM EDTA, SODIUM SULFITE, ACRYLATES, STEARETH-20 ITACONATE COPOLYMER, CERA ALBA (BEESWAX, CIRE D&rsquo;ABEILLE), ETIDRONIC ACID, ERYTHORBIC ACID, SODIUM HYDROSULFITE, STEARIC ACID, BHT, PALMITIC ACID, GLYCERIN, HELICHRYSUM ITALICUM EXTRACT, SIMETHICONE, YOGURT EXTRACT, CALENDULA OFFICINALIS EXTRACT (CALENDULA OFFICINALIS FLOWERS EXTRACT), VERBASCUM DENSIFLORUM EXTRACT (VERBASCUM DENSIFLORUM FLOWER, STEM EXTRACT), COTA TINCTORIA EXTRACT (COTA TINCTORIA FLOWER, LEAF, STEM EXTRACT), LINUM USITATISSIMUM EXTRACT (LINUM USITATISSIMUM (LINSEED) SEED EXTRACT), CITRIC ACID, SODIUM BENZOATE, POTASSIUM SORBATE, BENZYL ALCOHOL, m-AMINOPHENOL, 2, 4-DIAMINOPHENOXYETHANOL SULFATE, PHENYL METHYL PYRAZOLONE, p-METHYLAMINOPHENOL SULFATE, 2-METHYLRESORCINOL, RESORCINOL.<\/div>\n<\/div>\n<div class=\"tab js-tab\">\n<h3 class=\"tab-title pdp-tabs_title js-tab-mobile-title\"><span>Livraison et stock<\/span><\/h3>\n<div class=\"tab-description pdp-tabs_description js-tab-description\">\n<div class=\"pdp-delivery_info\">\n<div class=\"content-asset\"><a class=\"pdp-delivery_link\" href=\"\/livraison-delais\/\">Livraison et d\u00e9lais<\/a><a class=\"pdp-delivery_link\" href=\"\/retours-remboursements\/\">Retours et remboursements<\/a><\/div>\n<\/div>\n<\/div>\n<\/div>\n<\/div>\n<\/div>\n<\/div>\n","protected":false},"excerpt":{"rendered":"<p>Points cl\u00e9s Cuticule saine Plus de brillance Couleur plus durable Plus d&rsquo;uniformit\u00e9 Description Coloration permanente&hellip;<\/p>\n","protected":false},"featured_media":18622,"comment_status":"open","ping_status":"closed","template":"","meta":[],"pwb-brand":[658],"product_cat":[387],"product_tag":[317,216,371],"class_list":{"0":"post-37946","1":"product","2":"type-product","3":"status-publish","4":"has-post-thumbnail","6":"pwb-brand-kemon","7":"product_cat-coloration-sans-ammoniaque","8":"product_tag-coloration","9":"product_tag-coloration-sans-ammoniaque","10":"product_tag-kemon","12":"first","13":"instock","14":"taxable","15":"shipping-taxable","16":"purchasable","17":"product-type-variable","18":"layout-style-3","19":"col-md-4 col-sm-4 col-xs-6","20":"col-lg-3","21":"product-has-gallery","22":"product-style-default"},"aioseo_notices":[],"brands":[{"id":658,"name":"Kemon","slug":"kemon"}],"_links":{"self":[{"href":"https:\/\/cheveuxluxe.com\/index.php\/wp-json\/wp\/v2\/product\/37946","targetHints":{"allow":["GET"]}}],"collection":[{"href":"https:\/\/cheveuxluxe.com\/index.php\/wp-json\/wp\/v2\/product"}],"about":[{"href":"https:\/\/cheveuxluxe.com\/index.php\/wp-json\/wp\/v2\/types\/product"}],"replies":[{"embeddable":true,"href":"https:\/\/cheveuxluxe.com\/index.php\/wp-json\/wp\/v2\/comments?post=37946"}],"version-history":[{"count":0,"href":"https:\/\/cheveuxluxe.com\/index.php\/wp-json\/wp\/v2\/product\/37946\/revisions"}],"wp:featuredmedia":[{"embeddable":true,"href":"https:\/\/cheveuxluxe.com\/index.php\/wp-json\/wp\/v2\/media\/18622"}],"wp:attachment":[{"href":"https:\/\/cheveuxluxe.com\/index.php\/wp-json\/wp\/v2\/media?parent=37946"}],"wp:term":[{"taxonomy":"pwb-brand","embeddable":true,"href":"https:\/\/cheveuxluxe.com\/index.php\/wp-json\/wp\/v2\/pwb-brand?post=37946"},{"taxonomy":"product_cat","embeddable":true,"href":"https:\/\/cheveuxluxe.com\/index.php\/wp-json\/wp\/v2\/product_cat?post=37946"},{"taxonomy":"product_tag","embeddable":true,"href":"https:\/\/cheveuxluxe.com\/index.php\/wp-json\/wp\/v2\/product_tag?post=37946"}],"curies":[{"name":"wp","href":"https:\/\/api.w.org\/{rel}","templated":true}]}}