{"id":38096,"date":"2024-04-14T14:39:57","date_gmt":"2024-04-14T14:39:57","guid":{"rendered":"https:\/\/cheveuxluxe.com\/?post_type=product&#038;p=38096"},"modified":"2024-04-14T14:40:38","modified_gmt":"2024-04-14T14:40:38","slug":"wella-professionals-color-touch-coloration-semi-permanente-sans-ammoniaque-60ml-2","status":"publish","type":"product","link":"https:\/\/cheveuxluxe.com\/index.php\/product\/wella-professionals-color-touch-coloration-semi-permanente-sans-ammoniaque-60ml-2\/","title":{"rendered":"Wella Professionals Color Touch Coloration semi-permanente sans ammoniaque 60ml"},"content":{"rendered":"<div class=\"product-content_bottom\">\n<div class=\"pdp-info\">\n<div class=\"pdp-tabs tab-container\">\n<div class=\"tab js-tab\">\n<h3 class=\"tab-title pdp-tabs_title js-tab-mobile-title open\"><span>Points cl\u00e9s<\/span><\/h3>\n<div class=\"tab-description pdp-tabs_description js-tab-description open\" itemprop=\"description\">\n<ul>\n<li>Coloration professionnelle semi-permanente douce<\/li>\n<li>Tenue jusqu&rsquo;\u00e0 24 shampoings<\/li>\n<li>Brilliance remarquable et r\u00e9sultats tendances<\/li>\n<li>Portefeuille coloration complet et versatile pour une cr\u00e9ativit\u00e9 sans limites<\/li>\n<li>Sans ammoniaque<\/li>\n<\/ul>\n<\/div>\n<\/div>\n<div class=\"tab js-tab\">\n<h3 class=\"tab-title pdp-tabs_title js-tab-mobile-title\"><span>Description<\/span><\/h3>\n<div class=\"tab-description pdp-tabs_description js-tab-description\" itemprop=\"description\">Coloration brillance et reflets, sans engagement, sans ammoniaque, pour les clientes aimant changer de couleur r\u00e9guli\u00e8rement.<\/p>\n<p>Color Touch vous promet jusqu\u2019\u00e0 57 % de couleurs multifacettes en plus, et jusqu\u2019\u00e0 63 % de brillance suppl\u00e9mentaire (en comparaison \u00e0 des cheveux non teints). Sublimez votre look avec cette couleur qui r\u00e9siste jusqu\u2019\u00e0 24 shampooings, pour un r\u00e9sultat \u00e9clatant sur cheveux naturels ou d\u00e9j\u00e0 color\u00e9s.<br \/>Cette coloration ton sur ton se marie parfaitement avec les nuances d\u2019origine, pour des chevelures aux reflets subtils et \u00e0 la brillance irr\u00e9sistible.<br \/>Color Touch, c\u2019est aussi une cr\u00e8me colorante douce et sans ammoniaque, pour un confort d\u2019utilisation au quotidien.<br \/>Et pour r\u00e9veiller votre cr\u00e9ativit\u00e9, la gamme Color Touch vous propose une palette de couleurs de plus de 80 nuances.<\/div>\n<\/div>\n<div class=\"tab js-tab\">\n<h3 class=\"tab-title pdp-tabs_title js-tab-mobile-title\"><span>Mode d&#8217;emploi<\/span><\/h3>\n<div class=\"tab-description pdp-tabs_description js-tab-description\">Color Touch s\u2019utilise avec l\u2019\u00e9mulsion Color Touch 1,9 % ou 4%, en proportion 1: 2 \u2014 par exemple, si vous utilisez 30 grammes de cr\u00e8me, vous aurez besoin de 60 grammes d\u2019\u00e9mulsion.M\u00e9langez les produits dans un r\u00e9cipient non m\u00e9tallique. Appliquez sur cheveux propres et s\u00e9ch\u00e9s \u00e0 la serviette. Pour encore plus d\u2019efficacit\u00e9, nous vous conseillons d\u2019utiliser le flacon applicateur. Comptez un temps de pause de 20 minutes sans chaleur, et de 15 avec.<\/div>\n<\/div>\n<div class=\"tab js-tab\">\n<h3 class=\"tab-title pdp-tabs_title js-tab-mobile-title\"><span>Ingr\u00e9dients<\/span><\/h3>\n<div class=\"tab-description pdp-tabs_description js-tab-description\">Fenilenodiaminas (diaminotoluenos), Diaminotoluenos, Fenylenodiaminy (Toluenodwuamin?, Fenylendiaminy (Toluendiaminy), Fenil\u00e9ndiaminok (Toluil\u00e9ndiaminok), Rezorcin, Fenil\u00e9ndiaminok, Amm\ufffdnia<\/div>\n<\/div>\n<div class=\"tab js-tab\">\n<h3 class=\"tab-title pdp-tabs_title js-tab-mobile-title\"><span>Livraison et stock<\/span><\/h3>\n<div class=\"tab-description pdp-tabs_description js-tab-description\">\n<div class=\"pdp-delivery_info\">\n<div class=\"content-asset\"><a class=\"pdp-delivery_link\" href=\"\/livraison-delais\/\">Livraison et d\u00e9lais<\/a><a class=\"pdp-delivery_link\" href=\"\/retours-remboursements\/\">Retours et remboursements<\/a><\/div>\n<\/div>\n<\/div>\n<\/div>\n<\/div>\n<\/div>\n<\/div>\n","protected":false},"excerpt":{"rendered":"<p>Points cl\u00e9s Coloration professionnelle semi-permanente douce Tenue jusqu&rsquo;\u00e0 24 shampoings Brilliance remarquable et r\u00e9sultats tendances&hellip;<\/p>\n","protected":false},"featured_media":18947,"comment_status":"open","ping_status":"closed","template":"","meta":[],"pwb-brand":[648],"product_cat":[387],"product_tag":[317,216,323],"class_list":{"0":"post-38096","1":"product","2":"type-product","3":"status-publish","4":"has-post-thumbnail","6":"pwb-brand-wella-professionals","7":"product_cat-coloration-sans-ammoniaque","8":"product_tag-coloration","9":"product_tag-coloration-sans-ammoniaque","10":"product_tag-wella-professionals","12":"first","13":"instock","14":"taxable","15":"shipping-taxable","16":"purchasable","17":"product-type-variable","18":"layout-style-3","19":"col-md-4 col-sm-4 col-xs-6","20":"col-lg-3","21":"product-has-gallery","22":"product-style-default"},"aioseo_notices":[],"brands":[{"id":648,"name":"Wella Professionals","slug":"wella-professionals"}],"_links":{"self":[{"href":"https:\/\/cheveuxluxe.com\/index.php\/wp-json\/wp\/v2\/product\/38096","targetHints":{"allow":["GET"]}}],"collection":[{"href":"https:\/\/cheveuxluxe.com\/index.php\/wp-json\/wp\/v2\/product"}],"about":[{"href":"https:\/\/cheveuxluxe.com\/index.php\/wp-json\/wp\/v2\/types\/product"}],"replies":[{"embeddable":true,"href":"https:\/\/cheveuxluxe.com\/index.php\/wp-json\/wp\/v2\/comments?post=38096"}],"version-history":[{"count":0,"href":"https:\/\/cheveuxluxe.com\/index.php\/wp-json\/wp\/v2\/product\/38096\/revisions"}],"wp:featuredmedia":[{"embeddable":true,"href":"https:\/\/cheveuxluxe.com\/index.php\/wp-json\/wp\/v2\/media\/18947"}],"wp:attachment":[{"href":"https:\/\/cheveuxluxe.com\/index.php\/wp-json\/wp\/v2\/media?parent=38096"}],"wp:term":[{"taxonomy":"pwb-brand","embeddable":true,"href":"https:\/\/cheveuxluxe.com\/index.php\/wp-json\/wp\/v2\/pwb-brand?post=38096"},{"taxonomy":"product_cat","embeddable":true,"href":"https:\/\/cheveuxluxe.com\/index.php\/wp-json\/wp\/v2\/product_cat?post=38096"},{"taxonomy":"product_tag","embeddable":true,"href":"https:\/\/cheveuxluxe.com\/index.php\/wp-json\/wp\/v2\/product_tag?post=38096"}],"curies":[{"name":"wp","href":"https:\/\/api.w.org\/{rel}","templated":true}]}}