{"id":38969,"date":"2024-04-14T14:47:45","date_gmt":"2024-04-14T14:47:45","guid":{"rendered":"https:\/\/cheveuxluxe.com\/?post_type=product&#038;p=38969"},"modified":"2024-04-14T14:48:00","modified_gmt":"2024-04-14T14:48:00","slug":"schwarzkopf-professional-blond-me-creme-blondeur-a-eclaircir-60ml-7","status":"publish","type":"product","link":"https:\/\/cheveuxluxe.com\/index.php\/product\/schwarzkopf-professional-blond-me-creme-blondeur-a-eclaircir-60ml-7\/","title":{"rendered":"Schwarzkopf Professional Blond Me- Cr\u00e8me Blondeur \u00e0 \u00c9claircir 60ml"},"content":{"rendered":"<div class=\"product-content_bottom\">\n<div class=\"pdp-info\">\n<div class=\"pdp-tabs tab-container\">\n<div class=\"tab js-tab\">\n<h3 class=\"tab-title pdp-tabs_title js-tab-mobile-title open\"><span>Points cl\u00e9s<\/span><\/h3>\n<div class=\"tab-description pdp-tabs_description js-tab-description open\" itemprop=\"description\">\n<ul>\n<li>Pour des looks blonds sophistiqu\u00e9s avec jusqu&rsquo;\u00e0 4 niveaux de lift et un r\u00e9sultat optimal de m\u00e9lange des blancs.<br \/>Les teintes liftantes permettent d&rsquo;obtenir jusqu&rsquo;\u00e0 5 niveaux de lifting et de tonicit\u00e9 en une seule \u00e9tape.<br \/>Cr\u00e8me blondeur \u00e0 \u00e9claircir &#8211; Pouvoir de neutralisation optimal des fonds jaunes-oranges d\u2018\u00e9claircissement<\/li>\n<\/ul>\n<\/div>\n<\/div>\n<div class=\"tab js-tab\">\n<h3 class=\"tab-title pdp-tabs_title js-tab-mobile-title\"><span>Mode d&#8217;emploi<\/span><\/h3>\n<div class=\"tab-description pdp-tabs_description js-tab-description\">Toujours m\u00e9langer la cr\u00e8me \u00e9claircissante Blond Me Bond Enforcing Lift &amp; Blend 1:1 avec le Blond Me Premium Developer. Pour les niveaux 6 et 7, Blond Me Premium Developer 12%\/40 Vol. Pour les niveaux 8 et plus l\u00e9gers, Blond Me Premium Developer 9%\/30 Vol.<br \/>Appliquer sur cheveux secs, ne pas faire de shampooing au pr\u00e9alable. Appliquer le m\u00e9lange en fines couches imm\u00e9diatement apr\u00e8s la pr\u00e9paration.Utiliser une quantit\u00e9 g\u00e9n\u00e9reuse de produit afin d&rsquo;obtenir le meilleur r\u00e9sultat possible. Appliquer sur cheveux secs, ne pas faire de shampooing avant l&rsquo;utilisation.Pr\u00e9parer le Blond Me Blonde Lifting et le Blond Me Premium Developer 1:2. Concentration recommand\u00e9e du r\u00e9v\u00e9lateur : 12%|40 Vol. pour les niveaux 6 et 7, 9%|30 Vol. pour les niveaux 8 et plus clairs.<\/div>\n<\/div>\n<div class=\"tab js-tab\">\n<h3 class=\"tab-title pdp-tabs_title js-tab-mobile-title\"><span>Ingr\u00e9dients<\/span><\/h3>\n<div class=\"tab-description pdp-tabs_description js-tab-description\">Aqua (Water, Eau),Cetearyl Alcohol,Ammonium Hydroxide,Ceteareth-20,Prunus Armeniaca (Apricot) Kernel Oil,Ammonium Sulfate,Succinic Acid,Potassium Hydroxide,Steareth-100,Glyceryl Stearate,Parfum (Fragrance),Trisodium Ethylenediamine Disuccinate,Glycine,Arginine,Lysine HCl,Toluene-2,5-Diamine Sulfate,Ethanolamine,Sodium Sulfite,Resorcinol,N,N-Bis(2-Hydroxyethyl)-p-Phenylenediamine Sulfate,Geraniol,Biotin,m-Aminophenol,4-Amino-2-Hydroxytoluene,5-Amino-6-Chloro-o-Cresol,Benzyl Alcohol<\/div>\n<\/div>\n<div class=\"tab js-tab\">\n<h3 class=\"tab-title pdp-tabs_title js-tab-mobile-title\"><span>Livraison et stock<\/span><\/h3>\n<div class=\"tab-description pdp-tabs_description js-tab-description\">\n<div class=\"pdp-delivery_info\">\n<div class=\"content-asset\"><a class=\"pdp-delivery_link\" href=\"\/livraison-delais\/\">Livraison et d\u00e9lais<\/a><a class=\"pdp-delivery_link\" href=\"\/retours-remboursements\/\">Retours et remboursements<\/a><\/div>\n<\/div>\n<\/div>\n<\/div>\n<\/div>\n<\/div>\n<\/div>\n","protected":false},"excerpt":{"rendered":"<p>Points cl\u00e9s Pour des looks blonds sophistiqu\u00e9s avec jusqu&rsquo;\u00e0 4 niveaux de lift et un&hellip;<\/p>\n","protected":false},"featured_media":34152,"comment_status":"open","ping_status":"closed","template":"","meta":[],"pwb-brand":[646],"product_cat":[503],"product_tag":[168,169,319],"class_list":{"0":"post-38969","1":"product","2":"type-product","3":"status-publish","4":"has-post-thumbnail","6":"pwb-brand-schwarzkopf-professional","7":"product_cat-materiel-de-coiffure-equipement-de-salon-22","8":"product_tag-equipement-de-salon","9":"product_tag-materiel-de-coiffure","10":"product_tag-schwarzkopf-professional","12":"first","13":"instock","14":"taxable","15":"shipping-taxable","16":"purchasable","17":"product-type-variable","18":"layout-style-3","19":"col-md-4 col-sm-4 col-xs-6","20":"col-lg-3","21":"product-has-gallery","22":"product-style-default"},"aioseo_notices":[],"brands":[{"id":646,"name":"Schwarzkopf Professional","slug":"schwarzkopf-professional"}],"_links":{"self":[{"href":"https:\/\/cheveuxluxe.com\/index.php\/wp-json\/wp\/v2\/product\/38969","targetHints":{"allow":["GET"]}}],"collection":[{"href":"https:\/\/cheveuxluxe.com\/index.php\/wp-json\/wp\/v2\/product"}],"about":[{"href":"https:\/\/cheveuxluxe.com\/index.php\/wp-json\/wp\/v2\/types\/product"}],"replies":[{"embeddable":true,"href":"https:\/\/cheveuxluxe.com\/index.php\/wp-json\/wp\/v2\/comments?post=38969"}],"version-history":[{"count":0,"href":"https:\/\/cheveuxluxe.com\/index.php\/wp-json\/wp\/v2\/product\/38969\/revisions"}],"wp:featuredmedia":[{"embeddable":true,"href":"https:\/\/cheveuxluxe.com\/index.php\/wp-json\/wp\/v2\/media\/34152"}],"wp:attachment":[{"href":"https:\/\/cheveuxluxe.com\/index.php\/wp-json\/wp\/v2\/media?parent=38969"}],"wp:term":[{"taxonomy":"pwb-brand","embeddable":true,"href":"https:\/\/cheveuxluxe.com\/index.php\/wp-json\/wp\/v2\/pwb-brand?post=38969"},{"taxonomy":"product_cat","embeddable":true,"href":"https:\/\/cheveuxluxe.com\/index.php\/wp-json\/wp\/v2\/product_cat?post=38969"},{"taxonomy":"product_tag","embeddable":true,"href":"https:\/\/cheveuxluxe.com\/index.php\/wp-json\/wp\/v2\/product_tag?post=38969"}],"curies":[{"name":"wp","href":"https:\/\/api.w.org\/{rel}","templated":true}]}}