{"id":39023,"date":"2024-04-14T14:48:48","date_gmt":"2024-04-14T14:48:48","guid":{"rendered":"https:\/\/cheveuxluxe.com\/?post_type=product&#038;p=39023"},"modified":"2024-04-14T14:49:46","modified_gmt":"2024-04-14T14:49:46","slug":"schwarzkopf-chroma-id-color-masque-250ml-5","status":"publish","type":"product","link":"https:\/\/cheveuxluxe.com\/index.php\/product\/schwarzkopf-chroma-id-color-masque-250ml-5\/","title":{"rendered":"Schwarzkopf Chroma ID Color Masque 250ml"},"content":{"rendered":"<div class=\"product-content_bottom\">\n<div class=\"pdp-info\">\n<div class=\"pdp-tabs tab-container\">\n<div class=\"tab js-tab\">\n<h3 class=\"tab-title pdp-tabs_title js-tab-mobile-title open\"><span>Points cl\u00e9s<\/span><\/h3>\n<div class=\"tab-description pdp-tabs_description js-tab-description open\" itemprop=\"description\">\n<ul>\n<li>Masque pigmentant haute performance avec technologie qui renforce la fibre capillaire.<\/li>\n<li>Id\u00e9al pour rafra\u00eechir une coloration et entretenir les effets pastels \u00e0 la maison.<\/li>\n<li>Revitalise les cheveux en profondeur<\/li>\n<li>Application simple et directe<\/li>\n<li>3 \u00e0 15 minutes de pose pour une couleur qui tient jusqu\u2019\u00e0 12 shampooings.<\/li>\n<\/ul>\n<\/div>\n<\/div>\n<div class=\"tab js-tab\">\n<h3 class=\"tab-title pdp-tabs_title js-tab-mobile-title\"><span>Description<\/span><\/h3>\n<div class=\"tab-description pdp-tabs_description js-tab-description\" itemprop=\"description\">Schwarzkopf Chroma ID est un masque de coloration semi-permanente dot\u00e9 de la technologie \u00ab Bonding \u00bb qui renforce directement le cortex du cheveu. Le Chroma ID Bonding Color Mask est id\u00e9al pour rafra\u00eechir une coloration et entretenir les effets pastels \u00e0 la maison entre les rendez-vous chez le coiffeur.<\/p>\n<p>La teinte 9,5-1 Ice est id\u00e9ale pour neutraliser les effets de jaunissement sur des bases blond clair, grises ou blanches.<\/p>\n<p>Coloration et soin en 1 \u00e9tape : En combinant une coloration haute performance avec un soin intense, ce traitement offre une couleur parfaitement uniforme de mani\u00e8re simple et rapide, tandis que la technologie renfor\u00e7atrice revitalise profond\u00e9ment les cheveux.<\/p>\n<p>Technologie : la teneur r\u00e9duite en sodium assure une pigmentation maximale des cheveux pour une coloration optimale, et la technologie renfor\u00e7atrice fortifie les liens structurels de la fibre capillaire pour des cheveux plus forts. Selon la nuance choisie, le temps de pose et la structure du cheveu, la couleur dure entre 5 et 12 shampooings.<\/p>\n<p>Vous trouverez ici un<strong><a href=\"https:\/\/www.pro-duo.fr\/on\/demandware.static\/-\/Sites-ProDuo_Retail_FR-Library\/default\/dwde9ad1f2\/pdf\/CHROMA_ID_Colour_Guide.pdf\" target=\"_blank\" rel=\"noopener\">nuancier<\/a><\/strong>, qui vous aidera \u00e0 choisir la teinte parfaite.<\/div>\n<\/div>\n<div class=\"tab js-tab\">\n<h3 class=\"tab-title pdp-tabs_title js-tab-mobile-title\"><span>Mode d&#8217;emploi<\/span><\/h3>\n<div class=\"tab-description pdp-tabs_description js-tab-description\">Application : Utilisez des gants de protection jetables et \u00e9tanches vendus dans le commerce.<br \/>Prot\u00e9gez les v\u00eatements, la peau et les surfaces pour \u00e9viter les taches.<br \/>Appliquez le m\u00e9lange uniform\u00e9ment sur des cheveux pr\u00e9alablement lav\u00e9s et essor\u00e9s.<br \/>Rincez abondamment.<\/p>\n<p>Temps de d\u00e9veloppement :<br \/>Rafra\u00eechissement de la couleur 3-5 minutes.<br \/>Couleurs plus intenses 5-10 minutes. Jusqu\u2019\u00e0 20 minutes.<\/p>\n<p>Vous trouverez ici un<strong><a href=\"https:\/\/www.pro-duo.fr\/on\/demandware.static\/-\/Sites-ProDuo_Retail_FR-Library\/default\/dwde9ad1f2\/pdf\/CHROMA_ID_Colour_Guide.pdf\" target=\"_blank\" rel=\"noopener\">nuancier<\/a><\/strong>, qui vous aidera \u00e0 choisir la teinte parfaite.<\/div>\n<\/div>\n<div class=\"tab js-tab\">\n<h3 class=\"tab-title pdp-tabs_title js-tab-mobile-title\"><span>Ingr\u00e9dients<\/span><\/h3>\n<div class=\"tab-description pdp-tabs_description js-tab-description\">Aqua (Water, Eau)*Cetearyl Alcohol*Coconut Alcohol*Ceteareth-20*Cocamidopropyl Betaine*Dimethicone*Methylparaben*PEG-8*Parfum (Fragrance)*Hydrolyzed Keratin*Cocodimonium Hydroxypropyl Hydrolyzed Keratin*Polyquaternium-6*Sclerocarya Birrea Seed Oil*Propylparaben*Panthenol*Hexyl Cinnamal*Citric Acid*Etidronic Acid*Magnesium Chloride*Ethanolamine*Linalool*Limonene*Laureth-23*Laureth-4*Alpha-Isomethyl Ionone*Benzyl Alcohol*Sodium Chloride*Sodium Sulfate*HC Blue No. 16*Basic Red 76*Basic Yellow 57<\/div>\n<\/div>\n<div class=\"tab js-tab\">\n<h3 class=\"tab-title pdp-tabs_title js-tab-mobile-title\"><span>Livraison et stock<\/span><\/h3>\n<div class=\"tab-description pdp-tabs_description js-tab-description\">\n<div class=\"pdp-delivery_info\">\n<div class=\"content-asset\"><a class=\"pdp-delivery_link\" href=\"\/livraison-delais\/\">Livraison et d\u00e9lais<\/a><a class=\"pdp-delivery_link\" href=\"\/retours-remboursements\/\">Retours et remboursements<\/a><\/div>\n<\/div>\n<\/div>\n<\/div>\n<\/div>\n<\/div>\n<\/div>\n","protected":false},"excerpt":{"rendered":"<p>Points cl\u00e9s Masque pigmentant haute performance avec technologie qui renforce la fibre capillaire. Id\u00e9al pour&hellip;<\/p>\n","protected":false},"featured_media":19347,"comment_status":"open","ping_status":"closed","template":"","meta":[],"pwb-brand":[646],"product_cat":[600],"product_tag":[144,319,127],"class_list":{"0":"post-39023","1":"product","2":"type-product","3":"status-publish","4":"has-post-thumbnail","6":"pwb-brand-schwarzkopf-professional","7":"product_cat-lissage-et-keratine","8":"product_tag-lissage-et-keratine","9":"product_tag-schwarzkopf-professional","10":"product_tag-shampooing-et-coiffure","12":"first","13":"instock","14":"taxable","15":"shipping-taxable","16":"purchasable","17":"product-type-variable","18":"layout-style-3","19":"col-md-4 col-sm-4 col-xs-6","20":"col-lg-3","21":"product-has-gallery","22":"product-style-default"},"aioseo_notices":[],"brands":[{"id":646,"name":"Schwarzkopf Professional","slug":"schwarzkopf-professional"}],"_links":{"self":[{"href":"https:\/\/cheveuxluxe.com\/index.php\/wp-json\/wp\/v2\/product\/39023","targetHints":{"allow":["GET"]}}],"collection":[{"href":"https:\/\/cheveuxluxe.com\/index.php\/wp-json\/wp\/v2\/product"}],"about":[{"href":"https:\/\/cheveuxluxe.com\/index.php\/wp-json\/wp\/v2\/types\/product"}],"replies":[{"embeddable":true,"href":"https:\/\/cheveuxluxe.com\/index.php\/wp-json\/wp\/v2\/comments?post=39023"}],"version-history":[{"count":0,"href":"https:\/\/cheveuxluxe.com\/index.php\/wp-json\/wp\/v2\/product\/39023\/revisions"}],"wp:featuredmedia":[{"embeddable":true,"href":"https:\/\/cheveuxluxe.com\/index.php\/wp-json\/wp\/v2\/media\/19347"}],"wp:attachment":[{"href":"https:\/\/cheveuxluxe.com\/index.php\/wp-json\/wp\/v2\/media?parent=39023"}],"wp:term":[{"taxonomy":"pwb-brand","embeddable":true,"href":"https:\/\/cheveuxluxe.com\/index.php\/wp-json\/wp\/v2\/pwb-brand?post=39023"},{"taxonomy":"product_cat","embeddable":true,"href":"https:\/\/cheveuxluxe.com\/index.php\/wp-json\/wp\/v2\/product_cat?post=39023"},{"taxonomy":"product_tag","embeddable":true,"href":"https:\/\/cheveuxluxe.com\/index.php\/wp-json\/wp\/v2\/product_tag?post=39023"}],"curies":[{"name":"wp","href":"https:\/\/api.w.org\/{rel}","templated":true}]}}