{"id":39222,"date":"2024-04-14T14:54:10","date_gmt":"2024-04-14T14:54:10","guid":{"rendered":"https:\/\/cheveuxluxe.com\/?post_type=product&#038;p=39222"},"modified":"2024-04-14T14:56:04","modified_gmt":"2024-04-14T14:56:04","slug":"xp100-intense-radiance-creme-soin-de-coloration-100ml-3","status":"publish","type":"product","link":"https:\/\/cheveuxluxe.com\/index.php\/product\/xp100-intense-radiance-creme-soin-de-coloration-100ml-3\/","title":{"rendered":"XP100 Intense Radiance Cr\u00e8me soin de Coloration 100ml"},"content":{"rendered":"<div class=\"product-content_bottom\">\n<div class=\"pdp-info\">\n<div class=\"pdp-delivery_information\"><span class=\"pdp-delivery_label\">Information importante :<\/span> Combinez cette coloration avec un des oxydant XP100<br \/>Disponible en plusieurs volum\u00e9tries, recherchez XP100 Intense Cr\u00e8me Oxydante.<br \/>D\u00e9couvrez le Mode d&#8217;emploi ci-dessous pour plus de d\u00e9tails.<\/div>\n<div class=\"pdp-tabs tab-container\">\n<div class=\"tab js-tab\">\n<h3 class=\"tab-title pdp-tabs_title js-tab-mobile-title open\"><span>Points cl\u00e9s<\/span><\/h3>\n<div class=\"tab-description pdp-tabs_description js-tab-description open\" itemprop=\"description\">\n<ul>\n<li>Infus\u00e9 \u00e0 l\u2019huile de romarin pour une brillance optimale<\/li>\n<li>Cheveux blancs couverts jusqu\u2019\u00e0 100 %<\/li>\n<li>85 teintes disponibles<\/li>\n<li>Pigments de haute qualit\u00e9 qui assurent une excellente couverture<\/li>\n<\/ul>\n<\/div>\n<\/div>\n<div class=\"tab js-tab\">\n<h3 class=\"tab-title pdp-tabs_title js-tab-mobile-title\"><span>Description<\/span><\/h3>\n<div class=\"tab-description pdp-tabs_description js-tab-description\" itemprop=\"description\">\n<p>La cr\u00e8me de coloration permanente XP100 Brillance Intense promet une coloration innovante et de qualit\u00e9 professionnelle qui nourrit les cheveux et les rend brillants.<\/p>\n<p>Choisissez parmi plus de 80 nuances \u00e0 la mode. La gamme Brillance Intense contient des pigments \u00e0 action ultra rapide qui couvre \u00e0 100 %, y compris les cheveux gris et blancs!<\/p>\n<p>Cette nouvelle formule est \u00e9galement con\u00e7ue pour cr\u00e9er une exp\u00e9rience agr\u00e9able et rafra\u00eechissante gr\u00e2ce aux extraits d\u2019herbes puissantes. Celles-ci comprennent la lavande, la menthe, l&rsquo;ortie, le thym, l&rsquo;heichrysum, l&rsquo;eucalyptus, l&rsquo;art\u00e9misia et le fenouil. Cela dit, l&rsquo;ingr\u00e9dient cl\u00e9 est l&rsquo;huile de romarin apaisante, qui, gr\u00e2ce \u00e0 ses propri\u00e9t\u00e9s antioxydantes, stimule et hydrate les cheveux pendant la coloration et amplifie leur brillance.<\/p>\n<p>Qu&rsquo;il s&rsquo;agisse d&rsquo;une teinte cuivr\u00e9e, violette ou chocolat\u00e9e, cette coloration vous garantit une couleur riche, des reflets intenses et une brillance exceptionnelle.<\/p>\n<p>Pour consulter le nuancier, <a href=\"https:\/\/www.pro-duo.fr\/on\/demandware.static\/-\/Sites-ProDuo_Retail_FR-Library\/default\/dwf980435f\/pdf\/XPBrandBook_Aug19_WRF.pdf#page=10\">cliquez ici<\/a>.<\/p>\n<\/div>\n<\/div>\n<div class=\"tab js-tab\">\n<h3 class=\"tab-title pdp-tabs_title js-tab-mobile-title\"><span>Mode d&#8217;emploi<\/span><\/h3>\n<div class=\"tab-description pdp-tabs_description js-tab-description\">Le temps de d\u00e9veloppement dure 30-40 minutes, selon le traitement et l&rsquo;\u00e9paisseur, la longueur et la sant\u00e9 des cheveux.<\/p>\n<p>Cette coloration permanente s\u2019utilise avec l\u2019oxydant cr\u00e8me XP100 \u2014 en fonction de la teinte \u00e0 r\u00e9aliser, choisissez une volum\u00e9trie 3, 6, 9 ou 12 %, \u00e0 doser en proportion 1:1.<\/p>\n<p>Pour la s\u00e9rie Super \u00e9claircissante (ton de couleur 11), s\u00e9lectionnez l\u2019oxydant cr\u00e8me 9 ou 12 %, et m\u00e9langez en proportion 1:2.<\/p><\/div>\n<\/div>\n<div class=\"tab js-tab\">\n<h3 class=\"tab-title pdp-tabs_title js-tab-mobile-title\"><span>Ingr\u00e9dients<\/span><\/h3>\n<div class=\"tab-description pdp-tabs_description js-tab-description\">Aqua (Water), Cetearyl Alcohol, Ceteareth-25, Propylene Glycol, Laureth-2 Phosphate, Cocamide Mea, Ammonium Hydroxide, Cocamidopropyl Betaine, Polyquaternium-7, Ascorbic Acid, Tetrasodium Edta, Sodium Sulfite, Sodium Hydrosulfite, Urtica Dioica (Nettle) Extract, Eucalyptus Globulus Leaf Extract, Helichrysum Italicum Extract, Artemisia Absinthium Extract, Rosmarinus Officinalis (Rosemary) Leaf Oil, Alpha-Isomethyl Ionone, Parfum (Fragrance), P-Phenylenediamine, M-Aminophenol, 2-Methylresorcinol, 4-Chlororesorcinol, 2-Amino-4-Hydroxyethylaminoanisole Sulfate.<\/div>\n<\/div>\n<div class=\"tab js-tab\">\n<h3 class=\"tab-title pdp-tabs_title js-tab-mobile-title\"><span>Livraison et stock<\/span><\/h3>\n<div class=\"tab-description pdp-tabs_description js-tab-description\">\n<div class=\"pdp-delivery_info\">\n<div class=\"content-asset\"><a class=\"pdp-delivery_link\" href=\"\/livraison-delais\/\">Livraison et d\u00e9lais<\/a><a class=\"pdp-delivery_link\" href=\"\/retours-remboursements\/\">Retours et remboursements<\/a><\/div>\n<\/div>\n<\/div>\n<\/div>\n<\/div>\n<\/div>\n<\/div>\n","protected":false},"excerpt":{"rendered":"<p>Information importante : Combinez cette coloration avec un des oxydant XP100Disponible en plusieurs volum\u00e9tries, recherchez&hellip;<\/p>\n","protected":false},"featured_media":31272,"comment_status":"open","ping_status":"closed","template":"","meta":[],"pwb-brand":[627],"product_cat":[617],"product_tag":[274,273,360],"class_list":{"0":"post-39222","1":"product","2":"type-product","3":"status-publish","4":"has-post-thumbnail","6":"pwb-brand-xp100","7":"product_cat-coiffure","8":"product_tag-coiffure","9":"product_tag-vegan","10":"product_tag-xp100","12":"first","13":"instock","14":"taxable","15":"shipping-taxable","16":"purchasable","17":"product-type-variable","18":"layout-style-3","19":"col-md-4 col-sm-4 col-xs-6","20":"col-lg-3","21":"product-has-gallery","22":"product-style-default"},"aioseo_notices":[],"brands":[{"id":627,"name":"XP100","slug":"xp100"}],"_links":{"self":[{"href":"https:\/\/cheveuxluxe.com\/index.php\/wp-json\/wp\/v2\/product\/39222","targetHints":{"allow":["GET"]}}],"collection":[{"href":"https:\/\/cheveuxluxe.com\/index.php\/wp-json\/wp\/v2\/product"}],"about":[{"href":"https:\/\/cheveuxluxe.com\/index.php\/wp-json\/wp\/v2\/types\/product"}],"replies":[{"embeddable":true,"href":"https:\/\/cheveuxluxe.com\/index.php\/wp-json\/wp\/v2\/comments?post=39222"}],"version-history":[{"count":0,"href":"https:\/\/cheveuxluxe.com\/index.php\/wp-json\/wp\/v2\/product\/39222\/revisions"}],"wp:featuredmedia":[{"embeddable":true,"href":"https:\/\/cheveuxluxe.com\/index.php\/wp-json\/wp\/v2\/media\/31272"}],"wp:attachment":[{"href":"https:\/\/cheveuxluxe.com\/index.php\/wp-json\/wp\/v2\/media?parent=39222"}],"wp:term":[{"taxonomy":"pwb-brand","embeddable":true,"href":"https:\/\/cheveuxluxe.com\/index.php\/wp-json\/wp\/v2\/pwb-brand?post=39222"},{"taxonomy":"product_cat","embeddable":true,"href":"https:\/\/cheveuxluxe.com\/index.php\/wp-json\/wp\/v2\/product_cat?post=39222"},{"taxonomy":"product_tag","embeddable":true,"href":"https:\/\/cheveuxluxe.com\/index.php\/wp-json\/wp\/v2\/product_tag?post=39222"}],"curies":[{"name":"wp","href":"https:\/\/api.w.org\/{rel}","templated":true}]}}