{"id":40338,"date":"2024-04-14T19:25:49","date_gmt":"2024-04-14T19:25:49","guid":{"rendered":"https:\/\/cheveuxluxe.com\/index.php\/product\/redken-blondage-high-bright-apres-shampooing-2\/"},"modified":"2024-04-14T19:32:07","modified_gmt":"2024-04-14T19:32:07","slug":"redken-blondage-high-bright-apres-shampooing-2","status":"publish","type":"product","link":"https:\/\/cheveuxluxe.com\/index.php\/product\/redken-blondage-high-bright-apres-shampooing-2\/","title":{"rendered":"Redken Blondage High Bright Apr\u00e8s-Shampooing"},"content":{"rendered":"<div class=\"product-content_bottom\">\n<div class=\"pdp-info\">\n<div class=\"pdp-tabs tab-container\">\n<div class=\"tab js-tab\">\n<h3 class=\"tab-title pdp-tabs_title js-tab-mobile-title open\"><span>Points cl\u00e9s<\/span><\/h3>\n<div class=\"tab-description pdp-tabs_description js-tab-description open\" itemprop=\"description\">\n<ul>\n<li>R\u00e9sultat blond brillant de salon<\/li>\n<li>Vitamine C et Brightening Care Complex<\/li>\n<li>Ne contient pas de pigment<\/li>\n<\/ul>\n<\/div>\n<\/div>\n<div class=\"tab js-tab\">\n<h3 class=\"tab-title pdp-tabs_title js-tab-mobile-title\"><span>Description<\/span><\/h3>\n<div class=\"tab-description pdp-tabs_description js-tab-description\" itemprop=\"description\">\u00c0 la vitamine C et au Brightening Care Complex, cet apr\u00e8s-shampooing \u00e9limine les impuret\u00e9s qui assombrissent, et rendent les cheveux ternes. L&rsquo;apr\u00e8s-shampooing, en combinaison avec le pr\u00e9traitement et le shampooing, donne un r\u00e9sultat blond brillant et lumineux. Comme si vous veniez de quitter le fauteuil du coiffeur ! Plus vous utilisez souvent le syst\u00e8me Blondage High Bright (pr\u00e9traitement, shampooing, apr\u00e8s-shampooing), plus les r\u00e9sultats sont lumineux. Pour tous les balayages, les colorations et les blonds m\u00e9ch\u00e9s.<\/div>\n<\/div>\n<div class=\"tab js-tab\">\n<h3 class=\"tab-title pdp-tabs_title js-tab-mobile-title\"><span>Mode d&#8217;emploi<\/span><\/h3>\n<div class=\"tab-description pdp-tabs_description js-tab-description\">Apr\u00e8s avoir rinc\u00e9 le pr\u00e9traitement et le shampooing Redken Blondage High Bright, appliquez le conditioner et r\u00e9partissez-le sur les cheveux humides.<br \/>Rincez.<\/div>\n<\/div>\n<div class=\"tab js-tab\">\n<h3 class=\"tab-title pdp-tabs_title js-tab-mobile-title\"><span>Ingr\u00e9dients<\/span><\/h3>\n<div class=\"tab-description pdp-tabs_description js-tab-description\">AQUA \/ WATER, CETEARYL ALCOHOL, GLYCERIN, BEHENTRIMONIUM METHOSULFATE, AMODIMETHICONE,BEHENTRIMONIUM CHLORIDE, PHENOXYETHANOL, ASCORBYL GLUCOSIDE, CITRIC ACID, PARFUM \/ FRAGRANCE, ISOPROPYL ALCOHOL, TETRASODIUM GLUTAMATE DIACETATE, GLYCINE, TRIDECETH-6, SODIUM HYDROXIDE, CETRIMONIUM CHLORIDE, LINALOOL<\/div>\n<\/div>\n<div class=\"tab js-tab\">\n<h3 class=\"tab-title pdp-tabs_title js-tab-mobile-title\"><span>Livraison et stock<\/span><\/h3>\n<div class=\"tab-description pdp-tabs_description js-tab-description\">\n<div class=\"pdp-delivery_info\">\n<div class=\"content-asset\">Livraison et d\u00e9laisRetours et remboursements<\/div>\n<\/div>\n<\/div>\n<\/div>\n<\/div>\n<\/div>\n<\/div>\n","protected":false},"excerpt":{"rendered":"<p>Points cl\u00e9s R\u00e9sultat blond brillant de salon Vitamine C et Brightening Care Complex Ne contient&hellip;<\/p>\n","protected":false},"featured_media":18228,"comment_status":"open","ping_status":"closed","template":"","meta":[],"pwb-brand":[647],"product_cat":[572],"product_tag":[321,127],"class_list":{"0":"post-40338","1":"product","2":"type-product","3":"status-publish","4":"has-post-thumbnail","6":"pwb-brand-redken","7":"product_cat-shampooing-et-coiffure","8":"product_tag-redken","9":"product_tag-shampooing-et-coiffure","11":"first","12":"instock","13":"taxable","14":"shipping-taxable","15":"purchasable","16":"product-type-simple","17":"layout-style-3","18":"col-md-4 col-sm-4 col-xs-6","19":"col-lg-3","20":"product-has-gallery","21":"product-style-default"},"aioseo_notices":[],"brands":[{"id":647,"name":"Redken","slug":"redken"}],"_links":{"self":[{"href":"https:\/\/cheveuxluxe.com\/index.php\/wp-json\/wp\/v2\/product\/40338","targetHints":{"allow":["GET"]}}],"collection":[{"href":"https:\/\/cheveuxluxe.com\/index.php\/wp-json\/wp\/v2\/product"}],"about":[{"href":"https:\/\/cheveuxluxe.com\/index.php\/wp-json\/wp\/v2\/types\/product"}],"replies":[{"embeddable":true,"href":"https:\/\/cheveuxluxe.com\/index.php\/wp-json\/wp\/v2\/comments?post=40338"}],"version-history":[{"count":0,"href":"https:\/\/cheveuxluxe.com\/index.php\/wp-json\/wp\/v2\/product\/40338\/revisions"}],"wp:featuredmedia":[{"embeddable":true,"href":"https:\/\/cheveuxluxe.com\/index.php\/wp-json\/wp\/v2\/media\/18228"}],"wp:attachment":[{"href":"https:\/\/cheveuxluxe.com\/index.php\/wp-json\/wp\/v2\/media?parent=40338"}],"wp:term":[{"taxonomy":"pwb-brand","embeddable":true,"href":"https:\/\/cheveuxluxe.com\/index.php\/wp-json\/wp\/v2\/pwb-brand?post=40338"},{"taxonomy":"product_cat","embeddable":true,"href":"https:\/\/cheveuxluxe.com\/index.php\/wp-json\/wp\/v2\/product_cat?post=40338"},{"taxonomy":"product_tag","embeddable":true,"href":"https:\/\/cheveuxluxe.com\/index.php\/wp-json\/wp\/v2\/product_tag?post=40338"}],"curies":[{"name":"wp","href":"https:\/\/api.w.org\/{rel}","templated":true}]}}