{"id":40339,"date":"2024-04-14T19:25:50","date_gmt":"2024-04-14T19:25:50","guid":{"rendered":"https:\/\/cheveuxluxe.com\/index.php\/product\/sibel-bonnet-permanente-technic-cap\/"},"modified":"2024-04-14T19:31:36","modified_gmt":"2024-04-14T19:31:36","slug":"sibel-bonnet-permanente-technic-cap","status":"publish","type":"product","link":"https:\/\/cheveuxluxe.com\/index.php\/product\/sibel-bonnet-permanente-technic-cap\/","title":{"rendered":"Sibel Bonnet Permanente Technic Cap"},"content":{"rendered":"<div class=\"product-content_bottom\">\n<div class=\"pdp-info\">\n<div class=\"pdp-tabs tab-container\">\n<div class=\"tab js-tab\">\n<h3 class=\"tab-title pdp-tabs_title js-tab-mobile-title open\"><span>Points cl\u00e9s<\/span><\/h3>\n<div class=\"tab-description pdp-tabs_description js-tab-description open\" itemprop=\"description\">\n<ul>\n<li> Pour masque ou permanente<\/li>\n<li>Bonnet auto-chauffant<\/li>\n<li>Bonne avec \u00e9lastique<\/li>\n<li>Bonnet thermique<\/li>\n<li>Bonnet activateur soins <\/li>\n<\/ul>\n<\/div>\n<\/div>\n<div class=\"tab js-tab\">\n<h3 class=\"tab-title pdp-tabs_title js-tab-mobile-title\"><span>Description<\/span><\/h3>\n<div class=\"tab-description pdp-tabs_description js-tab-description\" itemprop=\"description\">Le bonnet permanente auto-chauffant Technic Cap de Sibel est le meilleur alli\u00e9 des permanentes, mises en plis et soins capillaires nourrissants.Gr\u00e2ce \u00e0 la mati\u00e8re thermique dont il se compose, le bonnet emprisonne la chaleur produite par la t\u00eate et en fait profiter la fibre capillaire. Sous l\u2019effet de la temp\u00e9rature, les cuticules s\u2019ouvrent et b\u00e9n\u00e9ficient en profondeur des actifs d\u00e9livr\u00e9s par le soin permanent.L\u2019efficacit\u00e9 du produit est non seulement stimul\u00e9e, mais aussi acc\u00e9l\u00e9r\u00e9e et optimis\u00e9e par le bonnet auto-chauffant.L\u2019\u00e9lastique du bonnet lui permet de bien rester en place pendant la pose d\u2019une permanente, d\u2019un soin nourrissant ou d\u2019un masque. Il pr\u00e9sente \u00e9galement l\u2019avantage de maintenir et de prot\u00e9ger les rouleaux lors d\u2019une mise en plis, tout en d\u00e9cuplant la capacit\u00e9 d\u2019absorption du produit par le cheveu.<\/div>\n<\/div>\n<div class=\"tab js-tab\">\n<h3 class=\"tab-title pdp-tabs_title js-tab-mobile-title\"><span>Mode d&#8217;emploi<\/span><\/h3>\n<div class=\"tab-description pdp-tabs_description js-tab-description\">Apr\u00e8s le shampoing, appliquez le soin concern\u00e9 sur les cheveux ou roulez votre permanente et enfilez le bonnet auto-chauffant Technic Cap de Sibel autour de la t\u00eate.Une fois le temps de pose \u00e9coul\u00e9, \u00f4tez le bonnet.<\/div>\n<\/div>\n<div class=\"tab js-tab\">\n<h3 class=\"tab-title pdp-tabs_title js-tab-mobile-title\"><span>Livraison et stock<\/span><\/h3>\n<div class=\"tab-description pdp-tabs_description js-tab-description\">\n<div class=\"pdp-delivery_info\">\n<div class=\"content-asset\">Livraison et d\u00e9laisRetours et remboursements<\/div>\n<\/div>\n<\/div>\n<\/div>\n<\/div>\n<\/div>\n<\/div>\n","protected":false},"excerpt":{"rendered":"<p>Points cl\u00e9s Pour masque ou permanente Bonnet auto-chauffant Bonne avec \u00e9lastique Bonnet thermique Bonnet activateur&hellip;<\/p>\n","protected":false},"featured_media":18995,"comment_status":"open","ping_status":"closed","template":"","meta":[],"pwb-brand":[652],"product_cat":[315],"product_tag":[317,342],"class_list":{"0":"post-40339","1":"product","2":"type-product","3":"status-publish","4":"has-post-thumbnail","6":"pwb-brand-sibel","7":"product_cat-coloration","8":"product_tag-coloration","9":"product_tag-sibel","11":"first","12":"instock","13":"taxable","14":"shipping-taxable","15":"purchasable","16":"product-type-simple","17":"layout-style-3","18":"col-md-4 col-sm-4 col-xs-6","19":"col-lg-3","20":"product-style-default"},"aioseo_notices":[],"brands":[{"id":652,"name":"Sibel","slug":"sibel"}],"_links":{"self":[{"href":"https:\/\/cheveuxluxe.com\/index.php\/wp-json\/wp\/v2\/product\/40339","targetHints":{"allow":["GET"]}}],"collection":[{"href":"https:\/\/cheveuxluxe.com\/index.php\/wp-json\/wp\/v2\/product"}],"about":[{"href":"https:\/\/cheveuxluxe.com\/index.php\/wp-json\/wp\/v2\/types\/product"}],"replies":[{"embeddable":true,"href":"https:\/\/cheveuxluxe.com\/index.php\/wp-json\/wp\/v2\/comments?post=40339"}],"version-history":[{"count":0,"href":"https:\/\/cheveuxluxe.com\/index.php\/wp-json\/wp\/v2\/product\/40339\/revisions"}],"wp:featuredmedia":[{"embeddable":true,"href":"https:\/\/cheveuxluxe.com\/index.php\/wp-json\/wp\/v2\/media\/18995"}],"wp:attachment":[{"href":"https:\/\/cheveuxluxe.com\/index.php\/wp-json\/wp\/v2\/media?parent=40339"}],"wp:term":[{"taxonomy":"pwb-brand","embeddable":true,"href":"https:\/\/cheveuxluxe.com\/index.php\/wp-json\/wp\/v2\/pwb-brand?post=40339"},{"taxonomy":"product_cat","embeddable":true,"href":"https:\/\/cheveuxluxe.com\/index.php\/wp-json\/wp\/v2\/product_cat?post=40339"},{"taxonomy":"product_tag","embeddable":true,"href":"https:\/\/cheveuxluxe.com\/index.php\/wp-json\/wp\/v2\/product_tag?post=40339"}],"curies":[{"name":"wp","href":"https:\/\/api.w.org\/{rel}","templated":true}]}}