{"id":40438,"date":"2024-04-14T19:30:14","date_gmt":"2024-04-14T19:30:14","guid":{"rendered":"https:\/\/cheveuxluxe.com\/index.php\/product\/babyliss-pro-fer-a-boucler-digital-25mm\/"},"modified":"2024-04-14T19:32:40","modified_gmt":"2024-04-14T19:32:40","slug":"babyliss-pro-fer-a-boucler-digital-25mm","status":"publish","type":"product","link":"https:\/\/cheveuxluxe.com\/index.php\/product\/babyliss-pro-fer-a-boucler-digital-25mm\/","title":{"rendered":"BaByliss Pro Fer \u00e0 Boucler Digital 25mm"},"content":{"rendered":"<div class=\"product-content_bottom\">\n<div class=\"pdp-info\">\n<div class=\"pdp-tabs tab-container\">\n<div class=\"tab js-tab\">\n<h3 class=\"tab-title pdp-tabs_title js-tab-mobile-title open\"><span>Points cl\u00e9s<\/span><\/h3>\n<div class=\"tab-description pdp-tabs_description js-tab-description open\" itemprop=\"description\">\n<ul>\n<li> 15 r\u00e9glages de chauffage<\/li>\n<li>Ecran digital<\/li>\n<li>Cordon rotatif<\/li>\n<li>Boucles sublimes <\/li>\n<\/ul>\n<\/div>\n<\/div>\n<div class=\"tab js-tab\">\n<h3 class=\"tab-title pdp-tabs_title js-tab-mobile-title\"><span>Description<\/span><\/h3>\n<div class=\"tab-description pdp-tabs_description js-tab-description\" itemprop=\"description\">Ce fer \u00e0 boucler BaBylissPro\u00ae saura vous surprendre ! Gr\u00e2ce \u00e0 son \u00e9cran LCD, vous choisissez en un clin d\u2019\u0153il la temp\u00e9rature optimale entre les 15 r\u00e9glages de chauffe disponibles, de 130 \u00e0 200 degr\u00e9s.Gr\u00e2ce \u00e0 sa technologie alliant Titanium et Tourmaline, le fer \u00e0 boucler digital BAB2272TTE de BaBylissPro\u00ae prot\u00e8ge les cheveux au moment du coiffage tout en leur apportant brillance et souplesse\u2026 pour longtemps !Son c\u00e2ble rotatif de 2,70 m\u00e8tres accompagne vos mouvements pour un confort incomparable au moment de fa\u00e7onner vos boucles. Vous pouvez vous concentrer sur l\u2019essentiel : cr\u00e9er des ondulations artistiques et une coiffure somptueuse !Dot\u00e9 d\u2019une pointe thermo-isol\u00e9e, le fer \u00e0 boucler digital BAB2272TTE de BaBylissPro\u00ae s&rsquo;\u00e9teint automatiquement apr\u00e8s 60 minutes de fonctionnement.On aime : son design \u00e0 la fois classique, \u00e9l\u00e9gant, et ergonomique.<\/div>\n<\/div>\n<div class=\"tab js-tab\">\n<h3 class=\"tab-title pdp-tabs_title js-tab-mobile-title\"><span>Mode d&#8217;emploi<\/span><\/h3>\n<div class=\"tab-description pdp-tabs_description js-tab-description\">Branchez l\u2019appareil puis s\u00e9lectionnez la temp\u00e9rature adapt\u00e9e au type de cheveux et aux boucles \u00e0 r\u00e9aliser. Enroulez chaque m\u00e8che de cheveux sur toute la longueur du fer pour que la chaleur se r\u00e9partisse uniform\u00e9ment. Maintenez quelques secondes puis rel\u00e2chez.Le conseil de pro : sur cheveux longs, proc\u00e9dez en deux fois pour chaque m\u00e8che.<\/div>\n<\/div>\n<div class=\"tab js-tab\">\n<h3 class=\"tab-title pdp-tabs_title js-tab-mobile-title\"><span>Livraison et stock<\/span><\/h3>\n<div class=\"tab-description pdp-tabs_description js-tab-description\">\n<div class=\"pdp-delivery_info\">\n<div class=\"content-asset\">Livraison et d\u00e9laisRetours et remboursements<\/div>\n<\/div>\n<\/div>\n<\/div>\n<\/div>\n<\/div>\n<\/div>\n","protected":false},"excerpt":{"rendered":"<p>Points cl\u00e9s 15 r\u00e9glages de chauffage Ecran digital Cordon rotatif Boucles sublimes Description Ce fer&hellip;<\/p>\n","protected":false},"featured_media":40436,"comment_status":"open","ping_status":"closed","template":"","meta":[],"pwb-brand":[629],"product_cat":[2521],"product_tag":[405,177],"class_list":{"0":"post-40438","1":"product","2":"type-product","3":"status-publish","4":"has-post-thumbnail","6":"pwb-brand-babyliss-pro","7":"product_cat-electro-et-materiel-2","8":"product_tag-babyliss-pro","9":"product_tag-electro-et-materiel","11":"first","12":"instock","13":"taxable","14":"shipping-taxable","15":"purchasable","16":"product-type-simple","17":"layout-style-3","18":"col-md-4 col-sm-4 col-xs-6","19":"col-lg-3","20":"product-has-gallery","21":"product-style-default"},"aioseo_notices":[],"brands":[{"id":629,"name":"BaByliss PRO","slug":"babyliss-pro"}],"_links":{"self":[{"href":"https:\/\/cheveuxluxe.com\/index.php\/wp-json\/wp\/v2\/product\/40438","targetHints":{"allow":["GET"]}}],"collection":[{"href":"https:\/\/cheveuxluxe.com\/index.php\/wp-json\/wp\/v2\/product"}],"about":[{"href":"https:\/\/cheveuxluxe.com\/index.php\/wp-json\/wp\/v2\/types\/product"}],"replies":[{"embeddable":true,"href":"https:\/\/cheveuxluxe.com\/index.php\/wp-json\/wp\/v2\/comments?post=40438"}],"version-history":[{"count":0,"href":"https:\/\/cheveuxluxe.com\/index.php\/wp-json\/wp\/v2\/product\/40438\/revisions"}],"wp:featuredmedia":[{"embeddable":true,"href":"https:\/\/cheveuxluxe.com\/index.php\/wp-json\/wp\/v2\/media\/40436"}],"wp:attachment":[{"href":"https:\/\/cheveuxluxe.com\/index.php\/wp-json\/wp\/v2\/media?parent=40438"}],"wp:term":[{"taxonomy":"pwb-brand","embeddable":true,"href":"https:\/\/cheveuxluxe.com\/index.php\/wp-json\/wp\/v2\/pwb-brand?post=40438"},{"taxonomy":"product_cat","embeddable":true,"href":"https:\/\/cheveuxluxe.com\/index.php\/wp-json\/wp\/v2\/product_cat?post=40438"},{"taxonomy":"product_tag","embeddable":true,"href":"https:\/\/cheveuxluxe.com\/index.php\/wp-json\/wp\/v2\/product_tag?post=40438"}],"curies":[{"name":"wp","href":"https:\/\/api.w.org\/{rel}","templated":true}]}}

BaByliss Pro Fer à Boucler Digital 25mm

<div class="product-content_bottom">
<div class="pdp-info">
<div class="pdp-tabs tab-container">
<div class="tab js-tab">
<h3 class="tab-title pdp-tabs_title js-tab-mobile-title open"><span>Points clés</span></h3>
<div class="tab-description pdp-tabs_description js-tab-description open" itemprop="description">
<ul>
<li> 15 réglages de chauffage</li>
<li>Ecran digital</li>
<li>Cordon rotatif</li>
<li>Boucles sublimes </li>
</ul>
</div>
</div>
<div class="tab js-tab">
<h3 class="tab-title pdp-tabs_title js-tab-mobile-title"><span>Description</span></h3>
<div class="tab-description pdp-tabs_description js-tab-description" itemprop="description">Ce fer à boucler BaBylissPro® saura vous surprendre ! Grâce à son écran LCD, vous choisissez en un clin d’œil la température optimale entre les 15 réglages de chauffe disponibles, de 130 à 200 degrés.Grâce à sa technologie alliant Titanium et Tourmaline, le fer à boucler digital BAB2272TTE de BaBylissPro® protège les cheveux au moment du coiffage tout en leur apportant brillance et souplesse… pour longtemps !Son câble rotatif de 2,70 mètres accompagne vos mouvements pour un confort incomparable au moment de façonner vos boucles. Vous pouvez vous concentrer sur l’essentiel : créer des ondulations artistiques et une coiffure somptueuse !Doté d’une pointe thermo-isolée, le fer à boucler digital BAB2272TTE de BaBylissPro® s&rsquo;éteint automatiquement après 60 minutes de fonctionnement.On aime : son design à la fois classique, élégant, et ergonomique.</div>
</div>
<div class="tab js-tab">
<h3 class="tab-title pdp-tabs_title js-tab-mobile-title"><span>Mode d&#8217;emploi</span></h3>
<div class="tab-description pdp-tabs_description js-tab-description">Branchez l’appareil puis sélectionnez la température adaptée au type de cheveux et aux boucles à réaliser. Enroulez chaque mèche de cheveux sur toute la longueur du fer pour que la chaleur se répartisse uniformément. Maintenez quelques secondes puis relâchez.Le conseil de pro : sur cheveux longs, procédez en deux fois pour chaque mèche.</div>
</div>
<div class="tab js-tab">
<h3 class="tab-title pdp-tabs_title js-tab-mobile-title"><span>Livraison et stock</span></h3>
<div class="tab-description pdp-tabs_description js-tab-description">
<div class="pdp-delivery_info">
<div class="content-asset">Livraison et délaisRetours et remboursements</div>
</div>
</div>
</div>
</div>
</div>
</div>

<p>Points clés 15 réglages de chauffage Ecran digital Cordon rotatif Boucles sublimes Description Ce fer&hellip;</p>
